Last updated on 2023-11-28 18:49:22 CET.
Flavor | Version | Tinstall | Tcheck | Ttotal | Status | Flags |
---|---|---|---|---|---|---|
r-devel-linux-x86_64-debian-clang | 1.0.3 | 25.26 | 206.16 | 231.42 | NOTE | |
r-devel-linux-x86_64-debian-gcc | 1.0.3 | 17.57 | 149.54 | 167.11 | NOTE | |
r-devel-linux-x86_64-fedora-clang | 1.0.3 | 287.63 | OK | |||
r-devel-linux-x86_64-fedora-gcc | 1.0.3 | 291.70 | OK | |||
r-devel-windows-x86_64 | 1.0.3 | 19.00 | 161.00 | 180.00 | OK | |
r-patched-linux-x86_64 | 1.0.3 | 24.20 | 193.37 | 217.57 | OK | |
r-release-linux-x86_64 | 1.0.3 | 17.69 | 194.18 | 211.87 | OK | |
r-release-macos-arm64 | 1.0.3 | 93.00 | OK | |||
r-release-macos-x86_64 | 1.0.3 | 189.00 | OK | |||
r-release-windows-x86_64 | 1.0.3 | 26.00 | 195.00 | 221.00 | OK | |
r-oldrel-macos-arm64 | 1.0.3 | 104.00 | OK | |||
r-oldrel-macos-x86_64 | 1.0.3 | 213.00 | OK | |||
r-oldrel-windows-x86_64 | 1.0.3 | 26.00 | 197.00 | 223.00 | OK |
Version: 1.0.3
Check: Rd files
Result: NOTE
checkRd: (-1) loon.shiny.Rd:93-102: Lost braces in \itemize; meant \describe ?
checkRd: (-1) loon.shiny.Rd:95-96: Lost braces in \itemize; meant \describe ?
checkRd: (-1) loon.shiny.Rd:97: Lost braces in \itemize; meant \describe ?
checkRd: (-1) loon.shiny.Rd:98-100: Lost braces in \itemize; meant \describe ?
checkRd: (-1) loon.shiny.Rd:103-108: Lost braces in \itemize; meant \describe ?
checkRd: (-1) loon.shiny.Rd:105: Lost braces in \itemize; meant \describe ?
checkRd: (-1) loon.shiny.Rd:106: Lost braces in \itemize; meant \describe ?
Flavors: r-devel-linux-x86_64-debian-clang, r-devel-linux-x86_64-debian-gcc