Last updated on 2023-12-06 18:52:49 CET.
Flavor | Version | Tinstall | Tcheck | Ttotal | Status | Flags |
---|---|---|---|---|---|---|
r-devel-linux-x86_64-debian-clang | 0.2.3 | 142.56 | 199.07 | 341.63 | NOTE | |
r-devel-linux-x86_64-debian-gcc | 0.2.3 | 94.98 | 153.67 | 248.65 | NOTE | |
r-devel-linux-x86_64-fedora-clang | 0.2.3 | 485.27 | OK | |||
r-devel-linux-x86_64-fedora-gcc | 0.2.3 | 433.36 | OK | |||
r-devel-windows-x86_64 | 0.2.3 | 108.00 | 270.00 | 378.00 | OK | |
r-patched-linux-x86_64 | 0.2.3 | 123.99 | 194.13 | 318.12 | OK | |
r-release-linux-x86_64 | 0.2.3 | 116.90 | 198.40 | 315.30 | OK | |
r-release-macos-arm64 | 0.2.3 | 145.00 | NOTE | |||
r-release-macos-x86_64 | 0.2.3 | 315.00 | NOTE | |||
r-release-windows-x86_64 | 0.2.3 | 144.00 | 344.00 | 488.00 | OK | |
r-oldrel-macos-arm64 | 0.2.3 | 146.00 | NOTE | |||
r-oldrel-macos-x86_64 | 0.2.3 | 219.00 | OK | |||
r-oldrel-windows-x86_64 | 0.2.3 | 134.00 | 344.00 | 478.00 | OK |
Version: 0.2.3
Check: Rd files
Result: NOTE
checkRd: (-1) lp_nl.Rd:70: Lost braces; missing escapes or markup?
70 | Regime 1 = (1-\eqn{F(z_{t-1})})*y_{(t-p)}, \cr
| ^
checkRd: (-1) lp_nl.Rd:71: Lost braces; missing escapes or markup?
71 | Regime 2 = \eqn{F(z_{t-1})}*y_{(t-p)}.}
| ^
checkRd: (-1) lp_nl.Rd:128: Lost braces; missing escapes or markup?
128 | \item{fz}{A vector containing the values of the transition function F(z_{t-1}).}
| ^
checkRd: (-1) lp_nl_iv.Rd:84: Lost braces; missing escapes or markup?
84 | Regime 1 = (1-\eqn{F(z_{t-1})})*y_{(t-p)}, \cr
| ^
checkRd: (-1) lp_nl_iv.Rd:85: Lost braces; missing escapes or markup?
85 | Regime 2 = \eqn{F(z_{t-1})}*y_{(t-p)}.}
| ^
checkRd: (-1) lp_nl_iv.Rd:129: Lost braces; missing escapes or markup?
129 | \item{fz}{A vector, containing the values of the transition function F(z_{t-1}).}
| ^
checkRd: (-1) lp_nl_panel.Rd:103: Lost braces; missing escapes or markup?
103 | Regime 1 = (1-\eqn{F(z_{t-1})})*y_{(t-p)}, \cr
| ^
checkRd: (-1) lp_nl_panel.Rd:104: Lost braces; missing escapes or markup?
104 | Regime 2 = \eqn{F(z_{t-1})}*y_{(t-p)}.
| ^
Flavors: r-devel-linux-x86_64-debian-clang, r-devel-linux-x86_64-debian-gcc
Version: 0.2.3
Check: installed package size
Result: NOTE
installed size is 5.2Mb
sub-directories of 1Mb or more:
libs 3.6Mb
Flavors: r-release-macos-arm64, r-release-macos-x86_64, r-oldrel-macos-arm64