Last updated on 2023-12-04 18:52:20 CET.
Flavor | Version | Tinstall | Tcheck | Ttotal | Status | Flags |
---|---|---|---|---|---|---|
r-devel-linux-x86_64-debian-clang | 0.5.11 | 9.20 | 110.37 | 119.57 | NOTE | |
r-devel-linux-x86_64-debian-gcc | 0.5.11 | 10.42 | 85.04 | 95.46 | NOTE | |
r-devel-linux-x86_64-fedora-clang | 0.5.11 | 156.51 | OK | |||
r-devel-linux-x86_64-fedora-gcc | 0.5.11 | 161.31 | OK | |||
r-devel-windows-x86_64 | 0.5.11 | 11.00 | 127.00 | 138.00 | OK | |
r-patched-linux-x86_64 | 0.5.11 | 12.83 | 109.60 | 122.43 | OK | |
r-release-linux-x86_64 | 0.5.11 | 9.71 | 107.79 | 117.50 | OK | |
r-release-macos-arm64 | 0.5.11 | 62.00 | OK | |||
r-release-macos-x86_64 | 0.5.11 | 98.00 | OK | |||
r-release-windows-x86_64 | 0.5.11 | 15.00 | 138.00 | 153.00 | OK | |
r-oldrel-macos-arm64 | 0.5.11 | 59.00 | OK | |||
r-oldrel-macos-x86_64 | 0.5.11 | 70.00 | OK | |||
r-oldrel-windows-x86_64 | 0.5.11 | 15.00 | 142.00 | 157.00 | OK |
Version: 0.5.11
Check: Rd files
Result: NOTE
checkRd: (-1) mada-data.Rd:45: Lost braces
45 | Kriston, L., H{\"o}elzel, L., Weiser, A., Berner, M., & Haerter, M. (2008).\dQuote{ Meta-analysis: Are 3
| ^
Flavors: r-devel-linux-x86_64-debian-clang, r-devel-linux-x86_64-debian-gcc