CRAN Package Check Results for Package magick

Last updated on 2024-02-26 18:50:04 CET.

Flavor Version Tinstall Tcheck Ttotal Status Flags
r-devel-linux-x86_64-debian-clang 2.8.3 165.95 242.43 408.38 OK
r-devel-linux-x86_64-debian-gcc 2.8.3 125.70 111.91 237.61 OK
r-devel-linux-x86_64-fedora-clang 2.8.3 518.32 NOTE
r-devel-linux-x86_64-fedora-gcc 2.8.3 514.53 OK
r-devel-windows-x86_64 2.8.3 150.00 445.00 595.00 NOTE
r-patched-linux-x86_64 2.8.3 176.44 196.61 373.05 OK
r-release-linux-x86_64 2.8.3 158.77 140.91 299.68 OK
r-release-macos-arm64 2.8.3 157.00 NOTE
r-release-macos-x86_64 2.8.3 289.00 NOTE
r-release-windows-x86_64 2.8.3 161.00 557.00 718.00 NOTE
r-oldrel-macos-arm64 2.8.3 142.00 NOTE
r-oldrel-windows-x86_64 2.8.3 204.00 358.00 562.00 NOTE

Check Details

Version: 2.8.3
Check: package dependencies
Result: NOTE Package suggested but not available for checking: ‘tesseract’ Flavor: r-devel-linux-x86_64-fedora-clang

Version: 2.8.3
Check: installed package size
Result: NOTE installed size is 7.4Mb sub-directories of 1Mb or more: doc 6.3Mb Flavors: r-devel-linux-x86_64-fedora-clang, r-devel-windows-x86_64, r-release-macos-arm64, r-release-macos-x86_64, r-release-windows-x86_64, r-oldrel-macos-arm64, r-oldrel-windows-x86_64