Last updated on 2023-12-09 18:54:22 CET.
Flavor | Version | Tinstall | Tcheck | Ttotal | Status | Flags |
---|---|---|---|---|---|---|
r-devel-linux-x86_64-debian-clang | 1.1.0 | 17.23 | 187.17 | 204.40 | NOTE | |
r-devel-linux-x86_64-debian-gcc | 1.1.0 | 18.39 | 138.25 | 156.64 | NOTE | |
r-devel-linux-x86_64-fedora-clang | 1.1.0 | 250.38 | OK | |||
r-devel-linux-x86_64-fedora-gcc | 1.1.0 | 252.51 | OK | |||
r-devel-windows-x86_64 | 1.1.0 | 17.00 | 154.00 | 171.00 | NOTE | |
r-patched-linux-x86_64 | 1.1.0 | 16.40 | 179.35 | 195.75 | NOTE | |
r-release-linux-x86_64 | 1.1.0 | 13.79 | 172.31 | 186.10 | NOTE | |
r-release-macos-arm64 | 1.1.0 | 85.00 | NOTE | |||
r-release-macos-x86_64 | 1.1.0 | 135.00 | NOTE | |||
r-release-windows-x86_64 | 1.1.0 | 22.00 | 182.00 | 204.00 | NOTE | |
r-oldrel-macos-arm64 | 1.1.0 | 79.00 | NOTE | |||
r-oldrel-macos-x86_64 | 1.1.0 | 130.00 | NOTE | |||
r-oldrel-windows-x86_64 | 1.1.0 | 25.00 | 190.00 | 215.00 | NOTE |
Version: 1.1.0
Check: package dependencies
Result: NOTE
Package suggested but not available for checking: ‘INLA’
Flavors: r-devel-linux-x86_64-debian-clang, r-devel-linux-x86_64-debian-gcc, r-devel-windows-x86_64, r-patched-linux-x86_64, r-release-linux-x86_64, r-release-macos-arm64, r-release-macos-x86_64, r-release-windows-x86_64, r-oldrel-macos-arm64, r-oldrel-macos-x86_64, r-oldrel-windows-x86_64
Version: 1.1.0
Check: Rd cross-references
Result: NOTE
Package unavailable to check Rd xrefs: ‘INLA’
Flavors: r-devel-linux-x86_64-debian-clang, r-devel-linux-x86_64-debian-gcc, r-devel-windows-x86_64, r-patched-linux-x86_64, r-release-linux-x86_64, r-release-macos-arm64, r-release-macos-x86_64, r-release-windows-x86_64, r-oldrel-macos-arm64, r-oldrel-macos-x86_64, r-oldrel-windows-x86_64