Last updated on 2023-12-06 18:52:49 CET.
Flavor | Version | Tinstall | Tcheck | Ttotal | Status | Flags |
---|---|---|---|---|---|---|
r-devel-linux-x86_64-debian-clang | 0.11.1 | 7.07 | 70.30 | 77.37 | NOTE | |
r-devel-linux-x86_64-debian-gcc | 0.11.1 | 6.56 | 54.04 | 60.60 | NOTE | |
r-devel-linux-x86_64-fedora-clang | 0.11.1 | 97.59 | NOTE | |||
r-devel-linux-x86_64-fedora-gcc | 0.11.1 | 116.20 | NOTE | |||
r-devel-windows-x86_64 | 0.11.1 | 9.00 | 89.00 | 98.00 | OK | |
r-patched-linux-x86_64 | 0.11.1 | 7.53 | 67.27 | 74.80 | OK | |
r-release-linux-x86_64 | 0.11.1 | 7.85 | 66.20 | 74.05 | OK | |
r-release-macos-arm64 | 0.11.1 | 45.00 | OK | |||
r-release-macos-x86_64 | 0.11.1 | 71.00 | OK | |||
r-release-windows-x86_64 | 0.11.1 | 11.00 | 94.00 | 105.00 | OK | |
r-oldrel-macos-arm64 | 0.11.1 | 37.00 | NOTE | |||
r-oldrel-macos-x86_64 | 0.11.1 | 58.00 | NOTE | |||
r-oldrel-windows-x86_64 | 0.11.1 | 14.00 | 97.00 | 111.00 | OK |
Version: 0.11.1
Check: Rd files
Result: NOTE
checkRd: (-1) manipulateWidget.Rd:113-117: Lost braces in \itemize; meant \describe ?
checkRd: (-1) manipulateWidget.Rd:118-120: Lost braces in \itemize; meant \describe ?
checkRd: (-1) manipulateWidget.Rd:121-123: Lost braces in \itemize; meant \describe ?
checkRd: (-1) manipulateWidget.Rd:124-127: Lost braces in \itemize; meant \describe ?
Flavors: r-devel-linux-x86_64-debian-clang, r-devel-linux-x86_64-debian-gcc
Version: 0.11.1
Check: data for non-ASCII characters
Result: NOTE
Note: found 55 marked UTF-8 strings
Flavors: r-devel-linux-x86_64-fedora-clang, r-devel-linux-x86_64-fedora-gcc, r-oldrel-macos-arm64, r-oldrel-macos-x86_64