CRAN Package Check Results for Package mapchina

Last updated on 2023-12-05 18:49:28 CET.

Flavor Version Tinstall Tcheck Ttotal Status Flags
r-devel-linux-x86_64-debian-clang 0.1.0 4.62 56.18 60.80 OK
r-devel-linux-x86_64-debian-gcc 0.1.0 3.81 42.27 46.08 OK
r-devel-linux-x86_64-fedora-clang 0.1.0 74.70 NOTE
r-devel-linux-x86_64-fedora-gcc 0.1.0 69.19 NOTE
r-devel-windows-x86_64 0.1.0 7.00 59.00 66.00 OK
r-patched-linux-x86_64 0.1.0 4.18 52.88 57.06 OK
r-release-linux-x86_64 0.1.0 5.66 53.29 58.95 OK
r-release-macos-arm64 0.1.0 27.00 OK
r-release-macos-x86_64 0.1.0 39.00 OK
r-release-windows-x86_64 0.1.0 10.00 68.00 78.00 OK
r-oldrel-macos-arm64 0.1.0 24.00 NOTE
r-oldrel-macos-x86_64 0.1.0 37.00 NOTE
r-oldrel-windows-x86_64 0.1.0 9.00 70.00 79.00 OK

Check Details

Version: 0.1.0
Check: data for non-ASCII characters
Result: NOTE Note: found 11396 marked UTF-8 strings Flavors: r-devel-linux-x86_64-fedora-clang, r-devel-linux-x86_64-fedora-gcc, r-oldrel-macos-arm64, r-oldrel-macos-x86_64