CRAN Package Check Results for Package mapfit

Last updated on 2023-11-30 18:49:35 CET.

Flavor Version Tinstall Tcheck Ttotal Status Flags
r-devel-linux-x86_64-debian-clang 1.0.0 114.78 107.51 222.29 OK
r-devel-linux-x86_64-debian-gcc 1.0.0 81.81 81.81 163.62 OK
r-devel-linux-x86_64-fedora-clang 1.0.0 306.21 OK
r-devel-linux-x86_64-fedora-gcc 1.0.0 308.78 OK
r-devel-windows-x86_64 1.0.0 85.00 127.00 212.00 OK
r-patched-linux-x86_64 1.0.0 109.80 102.91 212.71 OK
r-release-linux-x86_64 1.0.0 101.10 102.53 203.63 OK
r-release-macos-arm64 1.0.0 80.00 NOTE
r-release-macos-x86_64 1.0.0 141.00 NOTE
r-release-windows-x86_64 1.0.0 114.00 150.00 264.00 OK
r-oldrel-macos-arm64 1.0.0 76.00 NOTE
r-oldrel-macos-x86_64 1.0.0 99.00 NOTE
r-oldrel-windows-x86_64 1.0.0 99.00 136.00 235.00 OK

Check Details

Version: 1.0.0
Check: installed package size
Result: NOTE installed size is 6.0Mb sub-directories of 1Mb or more: libs 5.3Mb Flavors: r-release-macos-arm64, r-release-macos-x86_64, r-oldrel-macos-arm64, r-oldrel-macos-x86_64