CRAN Package Check Results for Package mappp

Last updated on 2024-04-22 21:52:50 CEST.

Flavor Version Tinstall Tcheck Ttotal Status Flags
r-devel-linux-x86_64-debian-clang 1.0.0 1.62 22.99 24.61 OK
r-devel-linux-x86_64-debian-gcc 1.0.0 1.75 18.16 19.91 OK
r-devel-linux-x86_64-fedora-clang 1.0.0 32.22 NOTE
r-devel-linux-x86_64-fedora-gcc 1.0.0 30.85 NOTE
r-prerel-macos-arm64 1.0.0 21.00 OK
r-prerel-windows-x86_64 1.0.0 3.00 44.00 47.00 OK
r-patched-linux-x86_64 1.0.0 2.03 22.16 24.19 OK
r-release-linux-x86_64 1.0.0 1.87 22.94 24.81 OK
r-release-macos-arm64 1.0.0 21.00 OK
r-release-macos-x86_64 1.0.0 26.00 OK
r-release-windows-x86_64 1.0.0 3.00 45.00 48.00 OK
r-oldrel-macos-arm64 1.0.0 20.00 NOTE
r-oldrel-windows-x86_64 1.0.0 3.00 49.00 52.00 OK

Additional issues

donttest

Check Details

Version: 1.0.0
Check: dependencies in R code
Result: NOTE Namespace in Imports field not imported from: ‘pbmcapply’ All declared Imports should be used. Flavors: r-devel-linux-x86_64-fedora-clang, r-devel-linux-x86_64-fedora-gcc, r-oldrel-macos-arm64