Last updated on 2023-11-28 18:49:23 CET.
Flavor | Version | Tinstall | Tcheck | Ttotal | Status | Flags |
---|---|---|---|---|---|---|
r-devel-linux-x86_64-debian-clang | 1.2-2.1 | 8.29 | 90.78 | 99.07 | NOTE | |
r-devel-linux-x86_64-debian-gcc | 1.2-2.1 | 9.64 | 68.91 | 78.55 | NOTE | |
r-devel-linux-x86_64-fedora-clang | 1.2-2.1 | 127.87 | NOTE | |||
r-devel-linux-x86_64-fedora-gcc | 1.2-2.1 | 123.40 | NOTE | |||
r-devel-windows-x86_64 | 1.2-2.1 | 10.00 | 94.00 | 104.00 | NOTE | |
r-patched-linux-x86_64 | 1.2-2.1 | 8.78 | 90.43 | 99.21 | NOTE | |
r-release-linux-x86_64 | 1.2-2.1 | 10.37 | 89.11 | 99.48 | NOTE | |
r-release-macos-arm64 | 1.2-2.1 | 40.00 | NOTE | |||
r-release-macos-x86_64 | 1.2-2.1 | 66.00 | NOTE | |||
r-release-windows-x86_64 | 1.2-2.1 | 13.00 | 109.00 | 122.00 | NOTE | |
r-oldrel-macos-arm64 | 1.2-2.1 | 37.00 | OK | |||
r-oldrel-macos-x86_64 | 1.2-2.1 | 47.00 | OK | |||
r-oldrel-windows-x86_64 | 1.2-2.1 | 14.00 | 102.00 | 116.00 | OK |
Version: 1.2-2.1
Check: Rd files
Result: NOTE
checkRd: (-1) residuals.rsm.Rd:74: Escaped LaTeX specials: \&
Flavors: r-devel-linux-x86_64-debian-clang, r-devel-linux-x86_64-debian-gcc, r-devel-linux-x86_64-fedora-clang, r-devel-linux-x86_64-fedora-gcc, r-devel-windows-x86_64, r-patched-linux-x86_64, r-release-linux-x86_64, r-release-macos-arm64, r-release-macos-x86_64, r-release-windows-x86_64
Version: 1.2-2.1
Check: package dependencies
Result: NOTE
Packages suggested but not available for checking: 'csampling', 'nlreg'
Flavor: r-release-macos-x86_64