CRAN Package Check Results for Package mas

Last updated on 2024-02-20 18:49:27 CET.

Flavor Version Tinstall Tcheck Ttotal Status Flags
r-devel-linux-x86_64-debian-clang 0.2.1 OK
r-devel-linux-x86_64-debian-gcc 0.2.1 92.03 37.41 129.44 OK
r-devel-linux-x86_64-fedora-clang 0.2.1 171.20 OK
r-devel-linux-x86_64-fedora-gcc 0.2.1 226.40 OK
r-devel-windows-x86_64 0.2.1 71.00 84.00 155.00 OK
r-patched-linux-x86_64 0.2.1 107.59 48.74 156.33 OK
r-release-linux-x86_64 0.2.1 98.74 48.23 146.97 OK
r-release-macos-arm64 0.2.1 49.00 NOTE
r-release-macos-x86_64 0.2.1 131.00 NOTE
r-release-windows-x86_64 0.2.1 88.00 88.00 176.00 OK
r-oldrel-macos-arm64 0.2.1 50.00 NOTE
r-oldrel-windows-x86_64 0.2.1 81.00 90.00 171.00 OK

Check Details

Version: 0.2.1
Check: installed package size
Result: NOTE installed size is 42.0Mb sub-directories of 1Mb or more: libs 41.8Mb Flavors: r-release-macos-arm64, r-release-macos-x86_64, r-oldrel-macos-arm64