CRAN Package Check Results for Package mashr

Last updated on 2024-03-02 18:54:05 CET.

Flavor Version Tinstall Tcheck Ttotal Status Flags
r-devel-linux-x86_64-debian-clang 0.2.79 67.54 326.75 394.29 OK
r-devel-linux-x86_64-debian-gcc 0.2.79 59.92 242.46 302.38 OK
r-devel-linux-x86_64-fedora-clang 0.2.79 484.67 NOTE
r-devel-linux-x86_64-fedora-gcc 0.2.79 506.79 NOTE
r-devel-windows-x86_64 0.2.79 65.00 287.00 352.00 OK
r-patched-linux-x86_64 0.2.79 74.28 311.99 386.27 OK
r-release-linux-x86_64 0.2.79 71.32 315.66 386.98 OK
r-release-macos-arm64 0.2.79 179.00 NOTE
r-release-macos-x86_64 0.2.79 385.00 NOTE
r-release-windows-x86_64 0.2.79 81.00 362.00 443.00 OK
r-oldrel-macos-arm64 0.2.79 156.00 NOTE
r-oldrel-windows-x86_64 0.2.79 67.00 344.00 411.00 OK

Check Details

Version: 0.2.79
Check: dependencies in R code
Result: NOTE Namespace in Imports field not imported from: ‘softImpute’ All declared Imports should be used. Flavors: r-devel-linux-x86_64-fedora-clang, r-devel-linux-x86_64-fedora-gcc

Version: 0.2.79
Check: installed package size
Result: NOTE installed size is 8.3Mb sub-directories of 1Mb or more: libs 7.4Mb Flavors: r-release-macos-arm64, r-release-macos-x86_64, r-oldrel-macos-arm64