CRAN Package Check Results for Package matrixLaplacian

Last updated on 2024-04-22 21:52:50 CEST.

Flavor Version Tinstall Tcheck Ttotal Status Flags
r-devel-linux-x86_64-debian-clang 1.0 1.60 20.07 21.67 NOTE
r-devel-linux-x86_64-debian-gcc 1.0 1.41 15.87 17.28 NOTE
r-devel-linux-x86_64-fedora-clang 1.0 28.47 NOTE
r-devel-linux-x86_64-fedora-gcc 1.0 26.88 NOTE
r-prerel-macos-arm64 1.0 14.00 NOTE
r-prerel-windows-x86_64 1.0 3.00 37.00 40.00 NOTE
r-patched-linux-x86_64 1.0 1.52 19.79 21.31 NOTE
r-release-linux-x86_64 1.0 1.60 19.88 21.48 NOTE
r-release-macos-arm64 1.0 14.00 NOTE
r-release-macos-x86_64 1.0 21.00 NOTE
r-release-windows-x86_64 1.0 2.00 38.00 40.00 NOTE
r-oldrel-macos-arm64 1.0 16.00 NOTE
r-oldrel-windows-x86_64 1.0 3.00 41.00 44.00 NOTE

Check Details

Version: 1.0
Check: LazyData
Result: NOTE 'LazyData' is specified without a 'data' directory Flavors: r-devel-linux-x86_64-debian-clang, r-devel-linux-x86_64-debian-gcc, r-devel-linux-x86_64-fedora-clang, r-devel-linux-x86_64-fedora-gcc, r-prerel-macos-arm64, r-prerel-windows-x86_64, r-patched-linux-x86_64, r-release-linux-x86_64, r-release-macos-arm64, r-release-macos-x86_64, r-release-windows-x86_64, r-oldrel-macos-arm64, r-oldrel-windows-x86_64