CRAN Package Check Results for Package matrixNormal

Last updated on 2023-11-29 18:48:52 CET.

Flavor Version Tinstall Tcheck Ttotal Status Flags
r-devel-linux-x86_64-debian-clang 0.1.1 2.01 30.23 32.24 OK
r-devel-linux-x86_64-debian-gcc 0.1.1 1.58 23.41 24.99 OK
r-devel-linux-x86_64-fedora-clang 0.1.1 41.61 OK
r-devel-linux-x86_64-fedora-gcc 0.1.1 50.23 OK
r-devel-windows-x86_64 0.1.1 3.00 49.00 52.00 OK
r-patched-linux-x86_64 0.1.1 2.80 29.52 32.32 OK
r-release-linux-x86_64 0.1.1 2.39 29.55 31.94 OK
r-release-macos-arm64 0.1.1 25.00 OK
r-release-macos-x86_64 0.1.1 33.00 NOTE
r-release-windows-x86_64 0.1.1 4.00 50.00 54.00 OK
r-oldrel-macos-arm64 0.1.1 20.00 OK
r-oldrel-macos-x86_64 0.1.1 50.00 OK
r-oldrel-windows-x86_64 0.1.1 4.00 50.00 54.00 OK

Check Details

Version: 0.1.1
Check: package dependencies
Result: NOTE Package suggested but not available for checking: ‘MBSP’ Flavor: r-release-macos-x86_64