Last updated on 2023-11-29 18:48:52 CET.
Flavor | Version | Tinstall | Tcheck | Ttotal | Status | Flags |
---|---|---|---|---|---|---|
r-devel-linux-x86_64-debian-clang | 0.4.2 | 15.94 | 145.69 | 161.63 | NOTE | |
r-devel-linux-x86_64-debian-gcc | 0.4.2 | 14.01 | 108.23 | 122.24 | NOTE | |
r-devel-linux-x86_64-fedora-clang | 0.4.2 | 198.02 | NOTE | |||
r-devel-linux-x86_64-fedora-gcc | 0.4.2 | 105.93 | NOTE | |||
r-devel-windows-x86_64 | 0.4.2 | 15.00 | 115.00 | 130.00 | OK | |
r-patched-linux-x86_64 | 0.4.2 | 18.95 | 137.48 | 156.43 | OK | |
r-release-linux-x86_64 | 0.4.2 | 14.88 | 135.56 | 150.44 | NOTE | |
r-release-macos-arm64 | 0.4.2 | 65.00 | OK | |||
r-release-macos-x86_64 | 0.4.2 | 107.00 | NOTE | |||
r-release-windows-x86_64 | 0.4.2 | 21.00 | 142.00 | 163.00 | OK | |
r-oldrel-macos-arm64 | 0.4.2 | 53.00 | OK | |||
r-oldrel-macos-x86_64 | 0.4.2 | 72.00 | OK | |||
r-oldrel-windows-x86_64 | 0.4.2 | 22.00 | 144.00 | 166.00 | OK |
Version: 0.4.2
Check: package dependencies
Result: NOTE
Package suggested but not available for checking: ‘PracTools’
Flavors: r-devel-linux-x86_64-debian-clang, r-devel-linux-x86_64-debian-gcc, r-devel-linux-x86_64-fedora-clang, r-devel-linux-x86_64-fedora-gcc, r-release-linux-x86_64
Version: 0.4.2
Check: package dependencies
Result: NOTE
Package suggested but not available for checking: ‘xgboost’
Flavor: r-release-macos-x86_64