CRAN Package Check Results for Package mcmsupply

Last updated on 2024-04-18 21:56:56 CEST.

Flavor Version Tinstall Tcheck Ttotal Status Flags
r-devel-linux-x86_64-debian-clang 1.1.1 12.08 138.27 150.35 OK
r-devel-linux-x86_64-debian-gcc 1.1.1 9.12 100.28 109.40 OK
r-devel-linux-x86_64-fedora-clang 1.1.1 182.20 NOTE
r-devel-linux-x86_64-fedora-gcc 1.1.1 273.56 NOTE
r-prerel-macos-arm64 1.1.1 99.00 OK
r-prerel-macos-x86_64 1.1.1 310.00 OK
r-prerel-windows-x86_64 1.1.1 11.00 116.00 127.00 OK
r-patched-linux-x86_64 1.1.1 7.57 128.70 136.27 OK
r-release-linux-x86_64 1.1.1 6.89 127.51 134.40 OK
r-release-macos-arm64 1.1.1 102.00 OK
r-release-macos-x86_64 1.1.1 318.00 OK
r-release-windows-x86_64 1.1.1 13.00 139.00 152.00 OK
r-oldrel-macos-arm64 1.1.1 104.00 OK
r-oldrel-windows-x86_64 1.1.1 15.00 147.00 162.00 OK

Check Details

Version: 1.1.1
Check: data for non-ASCII characters
Result: NOTE Note: found 496 marked UTF-8 strings Flavors: r-devel-linux-x86_64-fedora-clang, r-devel-linux-x86_64-fedora-gcc