CRAN Package Check Results for Package mdir.logrank

Last updated on 2023-12-05 18:49:29 CET.

Flavor Version Tinstall Tcheck Ttotal Status Flags
r-devel-linux-x86_64-debian-clang 0.0.4 3.15 32.84 35.99 NOTE
r-devel-linux-x86_64-debian-gcc 0.0.4 2.42 25.35 27.77 NOTE
r-devel-linux-x86_64-fedora-clang 0.0.4 47.68 NOTE
r-devel-linux-x86_64-fedora-gcc 0.0.4 44.86 NOTE
r-devel-windows-x86_64 0.0.4 4.00 46.00 50.00 NOTE
r-patched-linux-x86_64 0.0.4 3.00 32.77 35.77 NOTE
r-release-linux-x86_64 0.0.4 2.93 32.37 35.30 NOTE
r-release-macos-arm64 0.0.4 19.00 NOTE
r-release-macos-x86_64 0.0.4 26.00 NOTE
r-release-windows-x86_64 0.0.4 4.00 48.00 52.00 NOTE
r-oldrel-macos-arm64 0.0.4 19.00 NOTE
r-oldrel-macos-x86_64 0.0.4 22.00 NOTE
r-oldrel-windows-x86_64 0.0.4 5.00 50.00 55.00 NOTE

Check Details

Version: 0.0.4
Check: package dependencies
Result: NOTE Package suggested but not available for checking: ‘RGtk2’ Flavors: r-devel-linux-x86_64-debian-clang, r-devel-linux-x86_64-debian-gcc, r-devel-linux-x86_64-fedora-clang, r-devel-linux-x86_64-fedora-gcc, r-devel-windows-x86_64, r-patched-linux-x86_64, r-release-linux-x86_64, r-release-macos-arm64, r-release-macos-x86_64, r-release-windows-x86_64, r-oldrel-macos-arm64, r-oldrel-macos-x86_64, r-oldrel-windows-x86_64

Version: 0.0.4
Check: LazyData
Result: NOTE 'LazyData' is specified without a 'data' directory Flavors: r-devel-linux-x86_64-debian-clang, r-devel-linux-x86_64-debian-gcc, r-devel-linux-x86_64-fedora-clang, r-devel-linux-x86_64-fedora-gcc, r-devel-windows-x86_64, r-patched-linux-x86_64, r-release-linux-x86_64, r-release-macos-arm64, r-release-macos-x86_64, r-release-windows-x86_64, r-oldrel-macos-arm64, r-oldrel-macos-x86_64, r-oldrel-windows-x86_64