CRAN Package Check Results for Package mdthemes

Last updated on 2023-12-04 18:52:21 CET.

Flavor Version Tinstall Tcheck Ttotal Status Flags
r-devel-linux-x86_64-debian-clang 0.1.0 2.29 29.77 32.06 NOTE
r-devel-linux-x86_64-debian-gcc 0.1.0 1.95 22.84 24.79 NOTE
r-devel-linux-x86_64-fedora-clang 0.1.0 40.86 NOTE
r-devel-linux-x86_64-fedora-gcc 0.1.0 38.25 NOTE
r-devel-windows-x86_64 0.1.0 3.00 45.00 48.00 NOTE
r-patched-linux-x86_64 0.1.0 1.71 28.87 30.58 NOTE
r-release-linux-x86_64 0.1.0 1.68 28.31 29.99 NOTE
r-release-macos-arm64 0.1.0 18.00 NOTE
r-release-macos-x86_64 0.1.0 23.00 NOTE
r-release-windows-x86_64 0.1.0 5.00 47.00 52.00 NOTE
r-oldrel-macos-arm64 0.1.0 17.00 NOTE
r-oldrel-macos-x86_64 0.1.0 29.00 NOTE
r-oldrel-windows-x86_64 0.1.0 4.00 49.00 53.00 NOTE

Check Details

Version: 0.1.0
Check: LazyData
Result: NOTE 'LazyData' is specified without a 'data' directory Flavors: r-devel-linux-x86_64-debian-clang, r-devel-linux-x86_64-debian-gcc, r-devel-linux-x86_64-fedora-clang, r-devel-linux-x86_64-fedora-gcc, r-devel-windows-x86_64, r-patched-linux-x86_64, r-release-linux-x86_64, r-release-macos-arm64, r-release-macos-x86_64, r-release-windows-x86_64, r-oldrel-macos-arm64, r-oldrel-macos-x86_64, r-oldrel-windows-x86_64