Last updated on 2023-11-28 18:49:23 CET.
Flavor | Version | Tinstall | Tcheck | Ttotal | Status | Flags |
---|---|---|---|---|---|---|
r-devel-linux-x86_64-debian-clang | 0.99.31.6 | 36.31 | 191.82 | 228.13 | WARN | |
r-devel-linux-x86_64-debian-gcc | 0.99.31.6 | 33.80 | 136.52 | 170.32 | OK | |
r-devel-linux-x86_64-fedora-clang | 0.99.31.6 | 287.26 | WARN | |||
r-devel-linux-x86_64-fedora-gcc | 0.99.31.6 | 288.68 | OK | |||
r-devel-windows-x86_64 | 0.99.31.6 | 35.00 | 160.00 | 195.00 | NOTE | |
r-patched-linux-x86_64 | 0.99.31.6 | 37.57 | 179.86 | 217.43 | OK | |
r-release-linux-x86_64 | 0.99.31.6 | 38.97 | 181.58 | 220.55 | OK | |
r-release-macos-arm64 | 0.99.31.6 | 78.00 | NOTE | |||
r-release-macos-x86_64 | 0.99.31.6 | 141.00 | NOTE | |||
r-release-windows-x86_64 | 0.99.31.6 | 44.00 | 199.00 | 243.00 | NOTE | |
r-oldrel-macos-arm64 | 0.99.31.6 | 67.00 | NOTE | |||
r-oldrel-macos-x86_64 | 0.99.31.6 | 93.00 | NOTE | |||
r-oldrel-windows-x86_64 | 0.99.31.6 | 61.00 | 194.00 | 255.00 | NOTE |
Version: 0.99.31.6
Check: whether package can be installed
Result: WARN
Found the following significant warnings:
dta-for-R.c:516:11: warning: format string is not a string literal (potentially insecure) [-Wformat-security]
See ‘/home/hornik/tmp/R.check/r-devel-clang/Work/PKGS/memisc.Rcheck/00install.out’ for details.
* used C compiler: ‘Debian clang version 17.0.5 (1)’
Flavor: r-devel-linux-x86_64-debian-clang
Version: 0.99.31.6
Check: whether package can be installed
Result: WARN
Found the following significant warnings:
dta-for-R.c:516:11: warning: format string is not a string literal (potentially insecure) [-Wformat-security]
See ‘/data/gannet/ripley/R/packages/tests-clang/memisc.Rcheck/00install.out’ for details.
* used C compiler: ‘clang version 17.0.5’
Flavor: r-devel-linux-x86_64-fedora-clang
Version: 0.99.31.6
Check: installed package size
Result: NOTE
installed size is 5.3Mb
sub-directories of 1Mb or more:
R 1.4Mb
doc 3.1Mb
Flavors: r-devel-linux-x86_64-fedora-clang, r-devel-windows-x86_64, r-release-macos-arm64, r-release-macos-x86_64, r-release-windows-x86_64, r-oldrel-macos-arm64, r-oldrel-macos-x86_64, r-oldrel-windows-x86_64