CRAN Package Check Results for Package memoria

Last updated on 2024-02-21 18:51:09 CET.

Flavor Version Tinstall Tcheck Ttotal Status Flags
r-devel-linux-x86_64-debian-clang 1.0.0 NOTE
r-devel-linux-x86_64-debian-gcc 1.0.0 14.86 109.30 124.16 NOTE
r-devel-linux-x86_64-fedora-clang 1.0.0 216.26 NOTE
r-devel-linux-x86_64-fedora-gcc 1.0.0 210.63 NOTE
r-devel-windows-x86_64 1.0.0 16.00 118.00 134.00 NOTE
r-patched-linux-x86_64 1.0.0 11.73 141.80 153.53 NOTE
r-release-linux-x86_64 1.0.0 12.53 140.98 153.51 NOTE
r-release-macos-arm64 1.0.0 72.00 NOTE
r-release-macos-x86_64 1.0.0 110.00 NOTE
r-release-windows-x86_64 1.0.0 22.00 146.00 168.00 NOTE
r-oldrel-macos-arm64 1.0.0 50.00 OK
r-oldrel-windows-x86_64 1.0.0 22.00 140.00 162.00 OK

Check Details

Version: 1.0.0
Check: package subdirectories
Result: NOTE Problems with news in ‘NEWS.md’: No news entries found. Flavors: r-devel-linux-x86_64-debian-clang, r-devel-linux-x86_64-debian-gcc, r-devel-linux-x86_64-fedora-clang, r-devel-linux-x86_64-fedora-gcc, r-devel-windows-x86_64, r-patched-linux-x86_64, r-release-linux-x86_64, r-release-macos-arm64, r-release-macos-x86_64, r-release-windows-x86_64