Last updated on 2023-12-11 18:53:34 CET.
Flavor | Version | Tinstall | Tcheck | Ttotal | Status | Flags |
---|---|---|---|---|---|---|
r-devel-linux-x86_64-debian-clang | 6.5-0 | 58.88 | 354.51 | 413.39 | NOTE | |
r-devel-linux-x86_64-debian-gcc | 6.5-0 | 52.03 | 257.00 | 309.03 | NOTE | |
r-devel-linux-x86_64-fedora-clang | 6.5-0 | 507.98 | NOTE | |||
r-devel-linux-x86_64-fedora-gcc | 6.5-0 | 486.52 | OK | |||
r-devel-windows-x86_64 | 6.5-0 | 50.00 | 260.00 | 310.00 | OK | |
r-patched-linux-x86_64 | 6.5-0 | 44.23 | 347.98 | 392.21 | OK | |
r-release-linux-x86_64 | 6.5-0 | 44.67 | 340.73 | 385.40 | OK | |
r-release-macos-arm64 | 6.5-0 | 116.00 | OK | |||
r-release-macos-x86_64 | 6.5-0 | 298.00 | OK | |||
r-release-windows-x86_64 | 6.5-0 | 65.00 | 324.00 | 389.00 | OK | |
r-oldrel-macos-arm64 | 6.5-0 | 120.00 | OK | |||
r-oldrel-macos-x86_64 | 6.5-0 | 150.00 | OK | |||
r-oldrel-windows-x86_64 | 6.5-0 | 66.00 | 296.00 | 362.00 | OK |
Version: 6.5-0
Check: Rd files
Result: NOTE
checkRd: (-1) funnel.meta.Rd:105: Lost braces
105 | \code{"invse"}, code{"size"}, code{"invsqrtsize"}, or
| ^
checkRd: (-1) funnel.meta.Rd:105: Lost braces
105 | \code{"invse"}, code{"size"}, code{"invsqrtsize"}, or
| ^
checkRd: (-1) funnel.meta.Rd:106: Lost braces
106 | code{"ess"}.}
| ^
Flavors: r-devel-linux-x86_64-debian-clang, r-devel-linux-x86_64-debian-gcc
Version: 6.5-0
Check: Rd cross-references
Result: NOTE
Undeclared packages ‘netmeta’, ‘metasens’, ‘robumeta’ in Rd xrefs
Flavor: r-devel-linux-x86_64-fedora-clang