Last updated on 2023-12-04 18:52:21 CET.
Flavor | Version | Tinstall | Tcheck | Ttotal | Status | Flags |
---|---|---|---|---|---|---|
r-devel-linux-x86_64-debian-clang | 2.1.1 | 13.90 | 92.55 | 106.45 | NOTE | |
r-devel-linux-x86_64-debian-gcc | 2.1.1 | 13.70 | 69.12 | 82.82 | NOTE | |
r-devel-linux-x86_64-fedora-clang | 2.1.1 | 146.63 | OK | |||
r-devel-linux-x86_64-fedora-gcc | 2.1.1 | 134.06 | OK | |||
r-devel-windows-x86_64 | 2.1.1 | 14.00 | 84.00 | 98.00 | NOTE | |
r-patched-linux-x86_64 | 2.1.1 | 11.61 | 89.45 | 101.06 | NOTE | |
r-release-linux-x86_64 | 2.1.1 | 9.79 | 88.46 | 98.25 | NOTE | |
r-release-macos-arm64 | 2.1.1 | 37.00 | NOTE | |||
r-release-macos-x86_64 | 2.1.1 | 57.00 | NOTE | |||
r-release-windows-x86_64 | 2.1.1 | 19.00 | 98.00 | 117.00 | NOTE | |
r-oldrel-macos-arm64 | 2.1.1 | 36.00 | NOTE | |||
r-oldrel-macos-x86_64 | 2.1.1 | 62.00 | NOTE | |||
r-oldrel-windows-x86_64 | 2.1.1 | 18.00 | 104.00 | 122.00 | NOTE |
Version: 2.1.1
Check: package dependencies
Result: NOTE
Package suggested but not available for checking: ‘INLA’
Flavors: r-devel-linux-x86_64-debian-clang, r-devel-linux-x86_64-debian-gcc, r-devel-windows-x86_64, r-patched-linux-x86_64, r-release-linux-x86_64, r-release-macos-arm64, r-release-macos-x86_64, r-release-windows-x86_64, r-oldrel-macos-arm64, r-oldrel-macos-x86_64, r-oldrel-windows-x86_64