Last updated on 2023-12-02 18:53:47 CET.
Flavor | Version | Tinstall | Tcheck | Ttotal | Status | Flags |
---|---|---|---|---|---|---|
r-devel-linux-x86_64-debian-clang | 1.0.0 | 7.45 | 61.68 | 69.13 | NOTE | |
r-devel-linux-x86_64-debian-gcc | 1.0.0 | 5.29 | 47.62 | 52.91 | NOTE | |
r-devel-linux-x86_64-fedora-clang | 1.0.0 | 90.06 | NOTE | |||
r-devel-linux-x86_64-fedora-gcc | 1.0.0 | 82.37 | NOTE | |||
r-devel-windows-x86_64 | 1.0.0 | 6.00 | 65.00 | 71.00 | NOTE | |
r-patched-linux-x86_64 | 1.0.0 | 8.12 | 61.09 | 69.21 | NOTE | |
r-release-linux-x86_64 | 1.0.0 | 6.57 | 61.21 | 67.78 | NOTE | |
r-release-macos-arm64 | 1.0.0 | 29.00 | NOTE | |||
r-release-macos-x86_64 | 1.0.0 | 48.00 | NOTE | |||
r-release-windows-x86_64 | 1.0.0 | 9.00 | 71.00 | 80.00 | NOTE | |
r-oldrel-macos-arm64 | 1.0.0 | 29.00 | NOTE | |||
r-oldrel-macos-x86_64 | 1.0.0 | 41.00 | NOTE | |||
r-oldrel-windows-x86_64 | 1.0.0 | 9.00 | 76.00 | 85.00 | NOTE |
Version: 1.0.0
Check: LazyData
Result: NOTE
'LazyData' is specified without a 'data' directory
Flavors: r-devel-linux-x86_64-debian-clang, r-devel-linux-x86_64-debian-gcc, r-devel-linux-x86_64-fedora-clang, r-devel-linux-x86_64-fedora-gcc, r-devel-windows-x86_64, r-patched-linux-x86_64, r-release-linux-x86_64, r-release-macos-arm64, r-release-macos-x86_64, r-release-windows-x86_64, r-oldrel-macos-arm64, r-oldrel-macos-x86_64, r-oldrel-windows-x86_64