CRAN Package Check Results for Package metaDigitise

Last updated on 2023-11-28 18:49:23 CET.

Flavor Version Tinstall Tcheck Ttotal Status Flags
r-devel-linux-x86_64-debian-clang 1.0.1 4.18 38.85 43.03 NOTE
r-devel-linux-x86_64-debian-gcc 1.0.1 3.17 29.11 32.28 NOTE
r-devel-linux-x86_64-fedora-clang 1.0.1 57.71 NOTE
r-devel-linux-x86_64-fedora-gcc 1.0.1 87.71 NOTE
r-devel-windows-x86_64 1.0.1 5.00 63.00 68.00 NOTE
r-patched-linux-x86_64 1.0.1 4.76 36.69 41.45 NOTE
r-release-linux-x86_64 1.0.1 3.81 37.07 40.88 NOTE
r-release-macos-arm64 1.0.1 54.00 NOTE
r-release-macos-x86_64 1.0.1 76.00 NOTE
r-release-windows-x86_64 1.0.1 6.00 66.00 72.00 NOTE
r-oldrel-macos-arm64 1.0.1 32.00 NOTE
r-oldrel-macos-x86_64 1.0.1 46.00 NOTE
r-oldrel-windows-x86_64 1.0.1 6.00 60.00 66.00 NOTE

Check Details

Version: 1.0.1
Check: package subdirectories
Result: NOTE Problems with news in ‘NEWS.md’: No news entries found. Flavors: r-devel-linux-x86_64-debian-clang, r-devel-linux-x86_64-debian-gcc, r-devel-linux-x86_64-fedora-clang, r-devel-linux-x86_64-fedora-gcc, r-devel-windows-x86_64, r-patched-linux-x86_64, r-release-linux-x86_64, r-release-macos-arm64, r-release-macos-x86_64, r-release-windows-x86_64

Version: 1.0.1
Check: LazyData
Result: NOTE 'LazyData' is specified without a 'data' directory Flavors: r-devel-linux-x86_64-debian-clang, r-devel-linux-x86_64-debian-gcc, r-devel-linux-x86_64-fedora-clang, r-devel-linux-x86_64-fedora-gcc, r-devel-windows-x86_64, r-patched-linux-x86_64, r-release-linux-x86_64, r-release-macos-arm64, r-release-macos-x86_64, r-release-windows-x86_64, r-oldrel-macos-arm64, r-oldrel-macos-x86_64, r-oldrel-windows-x86_64