CRAN Package Check Results for Package metaDigitise

Last updated on 2024-06-13 20:49:16 CEST.

Flavor Version Tinstall Tcheck Ttotal Status Flags
r-devel-linux-x86_64-debian-clang 1.0.1 4.04 40.05 44.09 NOTE
r-devel-linux-x86_64-debian-gcc 1.0.1 0.46 1.83 2.29 ERROR
r-devel-linux-x86_64-fedora-clang 1.0.1 58.96 NOTE
r-devel-linux-x86_64-fedora-gcc 1.0.1 92.80 NOTE
r-devel-windows-x86_64 1.0.1 5.00 62.00 67.00 NOTE
r-patched-linux-x86_64 1.0.1 4.69 38.79 43.48 NOTE
r-release-linux-x86_64 1.0.1 4.59 39.06 43.65 NOTE
r-release-macos-arm64 1.0.1 52.00 NOTE
r-release-macos-x86_64 1.0.1 77.00 NOTE
r-release-windows-x86_64 1.0.1 5.00 65.00 70.00 NOTE
r-oldrel-macos-arm64 1.0.1 54.00 NOTE
r-oldrel-macos-x86_64 1.0.1 76.00 NOTE
r-oldrel-windows-x86_64 1.0.1 7.00 65.00 72.00 NOTE

Check Details

Version: 1.0.1
Check: package subdirectories
Result: NOTE Problems with news in ‘NEWS.md’: No news entries found. Flavors: r-devel-linux-x86_64-debian-clang, r-devel-linux-x86_64-fedora-clang, r-devel-linux-x86_64-fedora-gcc, r-devel-windows-x86_64, r-patched-linux-x86_64, r-release-linux-x86_64, r-release-macos-arm64, r-release-macos-x86_64, r-release-windows-x86_64, r-oldrel-macos-arm64, r-oldrel-macos-x86_64, r-oldrel-windows-x86_64

Version: 1.0.1
Check: LazyData
Result: NOTE 'LazyData' is specified without a 'data' directory Flavors: r-devel-linux-x86_64-debian-clang, r-devel-linux-x86_64-fedora-clang, r-devel-linux-x86_64-fedora-gcc, r-devel-windows-x86_64, r-patched-linux-x86_64, r-release-linux-x86_64, r-release-macos-arm64, r-release-macos-x86_64, r-release-windows-x86_64, r-oldrel-macos-arm64, r-oldrel-macos-x86_64, r-oldrel-windows-x86_64

Version: 1.0.1
Check: package dependencies
Result: ERROR Packages required but not available: 'magick', 'purrr' Packages suggested but not available for checking: 'mockery', 'testthat' See section ‘The DESCRIPTION file’ in the ‘Writing R Extensions’ manual. Flavor: r-devel-linux-x86_64-debian-gcc