CRAN Package Check Results for Package metaGE

Last updated on 2023-12-01 18:51:06 CET.

Flavor Version Tinstall Tcheck Ttotal Status Flags
r-devel-linux-x86_64-debian-clang 1.0.3 18.49 212.36 230.85 OK
r-devel-linux-x86_64-debian-gcc 1.0.3 13.96 154.91 168.87 OK
r-devel-linux-x86_64-fedora-clang 1.0.3 294.17 NOTE
r-devel-linux-x86_64-fedora-gcc 1.0.3 285.69 OK
r-devel-windows-x86_64 1.0.3 18.00 185.00 203.00 NOTE
r-patched-linux-x86_64 1.0.3 14.02 199.20 213.22 OK
r-release-linux-x86_64 1.0.3 12.40 200.62 213.02 OK
r-release-macos-arm64 1.0.3 169.00 NOTE
r-release-macos-x86_64 1.0.3 216.00 NOTE
r-release-windows-x86_64 1.0.3 23.00 217.00 240.00 NOTE
r-oldrel-macos-arm64 1.0.3 100.00 NOTE
r-oldrel-macos-x86_64 1.0.3 296.00 NOTE
r-oldrel-windows-x86_64 1.0.3 22.00 221.00 243.00 NOTE

Check Details

Version: 1.0.3
Check: installed package size
Result: NOTE installed size is 5.2Mb sub-directories of 1Mb or more: data 4.1Mb Flavors: r-devel-linux-x86_64-fedora-clang, r-devel-windows-x86_64, r-release-macos-arm64, r-release-macos-x86_64, r-release-windows-x86_64, r-oldrel-macos-arm64, r-oldrel-macos-x86_64, r-oldrel-windows-x86_64