CRAN Package Check Results for Package metaMA

Last updated on 2023-12-09 18:54:22 CET.

Flavor Version Tinstall Tcheck Ttotal Status Flags
r-devel-linux-x86_64-debian-clang 3.1.3 4.27 46.32 50.59 OK
r-devel-linux-x86_64-debian-gcc 3.1.3 3.43 35.27 38.70 OK
r-devel-linux-x86_64-fedora-clang 3.1.3 67.13 OK
r-devel-linux-x86_64-fedora-gcc 3.1.3 72.26 OK
r-devel-windows-x86_64 3.1.3 4.00 73.00 77.00 OK
r-patched-linux-x86_64 3.1.3 3.83 45.37 49.20 OK
r-release-linux-x86_64 3.1.3 3.87 44.92 48.79 OK
r-release-macos-arm64 3.1.3 30.00 NOTE
r-release-macos-x86_64 3.1.3 45.00 NOTE
r-release-windows-x86_64 3.1.3 5.00 73.00 78.00 OK
r-oldrel-macos-arm64 3.1.3 25.00 NOTE
r-oldrel-macos-x86_64 3.1.3 34.00 OK
r-oldrel-windows-x86_64 3.1.3 6.00 76.00 82.00 OK

Check Details

Version: 3.1.3
Check: package dependencies
Result: NOTE Packages suggested but not available for checking: 'GEOquery', 'annaffy', 'hgu133plus2.db', 'hgu133a.db', 'hgu95av2.db' Flavor: r-release-macos-arm64

Version: 3.1.3
Check: package dependencies
Result: NOTE Packages suggested but not available for checking: 'org.Hs.eg.db', 'annaffy', 'hgu133plus2.db', 'hgu133a.db', 'hgu95av2.db' Flavor: r-release-macos-x86_64

Version: 3.1.3
Check: package dependencies
Result: NOTE Packages suggested but not available for checking: 'hgu133a.db', 'hgu95av2.db' Flavor: r-oldrel-macos-arm64