Last updated on 2023-12-04 18:52:21 CET.
Flavor | Version | Tinstall | Tcheck | Ttotal | Status | Flags |
---|---|---|---|---|---|---|
r-devel-linux-x86_64-debian-clang | 1.0.7 | 1.61 | 103.31 | 104.92 | NOTE | |
r-devel-linux-x86_64-debian-gcc | 1.0.7 | 1.66 | 72.05 | 73.71 | NOTE | |
r-devel-linux-x86_64-fedora-clang | 1.0.7 | 138.94 | OK | |||
r-devel-linux-x86_64-fedora-gcc | 1.0.7 | 134.85 | OK | |||
r-devel-windows-x86_64 | 1.0.7 | 3.00 | 46.00 | 49.00 | OK | --no-vignettes |
r-patched-linux-x86_64 | 1.0.7 | 1.81 | 95.31 | 97.12 | OK | |
r-release-linux-x86_64 | 1.0.7 | 2.25 | 95.69 | 97.94 | OK | |
r-release-macos-arm64 | 1.0.7 | 65.00 | OK | |||
r-release-macos-x86_64 | 1.0.7 | 123.00 | OK | |||
r-release-windows-x86_64 | 1.0.7 | 3.00 | 46.00 | 49.00 | OK | --no-vignettes |
r-oldrel-macos-arm64 | 1.0.7 | 57.00 | OK | |||
r-oldrel-macos-x86_64 | 1.0.7 | 80.00 | OK | |||
r-oldrel-windows-x86_64 | 1.0.7 | 4.00 | 49.00 | 53.00 | OK | --no-vignettes |
Version: 1.0.7
Check: Rd files
Result: NOTE
checkRd: (-1) param.Rd:29: Lost braces
29 | T. Strub, S. Giuliano, T. Ye, et al. (2011) Essential role of microphthalmia transcription factor for DNA replication, mitosis and genomic stability in melanoma. emph{Oncogene} \bold{30}:2319-32.
| ^
Flavors: r-devel-linux-x86_64-debian-clang, r-devel-linux-x86_64-debian-gcc