CRAN Package Check Results for Package metabolic

Last updated on 2024-06-13 20:49:16 CEST.

Flavor Version Tinstall Tcheck Ttotal Status Flags
r-devel-linux-x86_64-debian-clang 0.1.2 13.38 106.11 119.49 OK
r-devel-linux-x86_64-debian-gcc 0.1.2 0.39 1.75 2.14 ERROR
r-devel-linux-x86_64-fedora-clang 0.1.2 163.06 NOTE
r-devel-linux-x86_64-fedora-gcc 0.1.2 141.24 NOTE
r-devel-windows-x86_64 0.1.2 12.00 95.00 107.00 OK
r-patched-linux-x86_64 0.1.2 13.44 104.88 118.32 OK
r-release-linux-x86_64 0.1.2 11.93 102.91 114.84 OK
r-release-macos-arm64 0.1.2 48.00 OK
r-release-macos-x86_64 0.1.2 64.00 OK
r-release-windows-x86_64 0.1.2 13.00 104.00 117.00 OK
r-oldrel-macos-arm64 0.1.2 47.00 OK
r-oldrel-macos-x86_64 0.1.2 86.00 OK
r-oldrel-windows-x86_64 0.1.2 17.00 114.00 131.00 OK

Check Details

Version: 0.1.2
Check: package dependencies
Result: ERROR Packages required but not available: 'tibble', 'usethis', 'dplyr', 'ggplot2', 'ggfittext', 'forcats', 'ggimage', 'patchwork', 'stringr', 'tidyr', 'purrr', 'meta' Packages suggested but not available for checking: 'Rd2roxygen', 'kableExtra', 'downloadthis' See section ‘The DESCRIPTION file’ in the ‘Writing R Extensions’ manual. Flavor: r-devel-linux-x86_64-debian-gcc

Version: 0.1.2
Check: data for non-ASCII characters
Result: NOTE Note: found 37 marked UTF-8 strings Flavors: r-devel-linux-x86_64-fedora-clang, r-devel-linux-x86_64-fedora-gcc