Last updated on 2023-12-11 18:53:34 CET.
Flavor | Version | Tinstall | Tcheck | Ttotal | Status | Flags |
---|---|---|---|---|---|---|
r-devel-linux-x86_64-debian-clang | 0.1.2 | 11.97 | 100.84 | 112.81 | OK | |
r-devel-linux-x86_64-debian-gcc | 0.1.2 | 9.22 | 74.83 | 84.05 | OK | |
r-devel-linux-x86_64-fedora-clang | 0.1.2 | 138.36 | NOTE | |||
r-devel-linux-x86_64-fedora-gcc | 0.1.2 | 139.47 | NOTE | |||
r-devel-windows-x86_64 | 0.1.2 | 12.00 | 97.00 | 109.00 | OK | |
r-patched-linux-x86_64 | 0.1.2 | 8.81 | 96.04 | 104.85 | OK | |
r-release-linux-x86_64 | 0.1.2 | 10.67 | 97.55 | 108.22 | OK | |
r-release-macos-arm64 | 0.1.2 | 47.00 | OK | |||
r-release-macos-x86_64 | 0.1.2 | 86.00 | OK | |||
r-release-windows-x86_64 | 0.1.2 | 14.00 | 105.00 | 119.00 | OK | |
r-oldrel-macos-arm64 | 0.1.2 | 48.00 | OK | |||
r-oldrel-macos-x86_64 | 0.1.2 | 66.00 | OK | |||
r-oldrel-windows-x86_64 | 0.1.2 | 16.00 | 105.00 | 121.00 | OK |
Version: 0.1.2
Check: data for non-ASCII characters
Result: NOTE
Note: found 37 marked UTF-8 strings
Flavors: r-devel-linux-x86_64-fedora-clang, r-devel-linux-x86_64-fedora-gcc