CRAN Package Check Results for Package metafuse

Last updated on 2023-12-02 18:53:47 CET.

Flavor Version Tinstall Tcheck Ttotal Status Flags
r-devel-linux-x86_64-debian-clang 2.0-1 7.73 80.56 88.29 NOTE
r-devel-linux-x86_64-debian-gcc 2.0-1 7.18 60.17 67.35 NOTE
r-devel-linux-x86_64-fedora-clang 2.0-1 113.73 OK
r-devel-linux-x86_64-fedora-gcc 2.0-1 102.74 OK
r-devel-windows-x86_64 2.0-1 8.00 76.00 84.00 OK
r-patched-linux-x86_64 2.0-1 7.06 79.47 86.53 OK
r-release-linux-x86_64 2.0-1 7.69 77.93 85.62 OK
r-release-macos-arm64 2.0-1 37.00 OK
r-release-macos-x86_64 2.0-1 59.00 OK
r-release-windows-x86_64 2.0-1 10.00 88.00 98.00 OK
r-oldrel-macos-arm64 2.0-1 16.00 OK
r-oldrel-macos-x86_64 2.0-1 47.00 OK
r-oldrel-windows-x86_64 2.0-1 10.00 90.00 100.00 OK

Check Details

Version: 2.0-1
Check: Rd files
Result: NOTE checkRd: (-1) datagenerator.Rd:17: Lost braces; missing escapes or markup? 17 | Returns data frame with \code{n*K} rows (if \code{n} is a scalar), or \code{sum(n)} rows (if \code{n} is a \code{K}-element vector). The data frame contains columns "y", "x1", \dots, "x_{p-1}" and "group" if \code{family="gaussian"}, \code{"binomial"} or \code{"poisson"}; or contains columns "time", "status", "x1", \dots, "x_{p-1}" and "group" if \code{family="cox"}. | ^ checkRd: (-1) datagenerator.Rd:17: Lost braces; missing escapes or markup? 17 | Returns data frame with \code{n*K} rows (if \code{n} is a scalar), or \code{sum(n)} rows (if \code{n} is a \code{K}-element vector). The data frame contains columns "y", "x1", \dots, "x_{p-1}" and "group" if \code{family="gaussian"}, \code{"binomial"} or \code{"poisson"}; or contains columns "time", "status", "x1", \dots, "x_{p-1}" and "group" if \code{family="cox"}. | ^ Flavors: r-devel-linux-x86_64-debian-clang, r-devel-linux-x86_64-debian-gcc