Last updated on 2023-11-27 18:51:11 CET.
Flavor | Version | Tinstall | Tcheck | Ttotal | Status | Flags |
---|---|---|---|---|---|---|
r-devel-linux-x86_64-debian-clang | 0.2.0 | 533.23 | 81.19 | 614.42 | NOTE | |
r-devel-linux-x86_64-debian-gcc | 0.2.0 | 360.22 | 63.02 | 423.24 | NOTE | |
r-devel-linux-x86_64-fedora-clang | 0.2.0 | 885.73 | NOTE | |||
r-devel-linux-x86_64-fedora-gcc | 0.2.0 | 901.62 | NOTE | |||
r-devel-windows-x86_64 | 0.2.0 | 365.00 | 113.00 | 478.00 | NOTE | |
r-patched-linux-x86_64 | 0.2.0 | 429.32 | 77.33 | 506.65 | NOTE | |
r-release-linux-x86_64 | 0.2.0 | 412.71 | 78.57 | 491.28 | NOTE | |
r-release-macos-arm64 | 0.2.0 | 202.00 | NOTE | |||
r-release-macos-x86_64 | 0.2.0 | 293.00 | NOTE | |||
r-release-windows-x86_64 | 0.2.0 | 486.00 | 129.00 | 615.00 | NOTE | |
r-oldrel-macos-arm64 | 0.2.0 | 172.00 | NOTE | |||
r-oldrel-macos-x86_64 | 0.2.0 | 219.00 | NOTE | |||
r-oldrel-windows-x86_64 | 0.2.0 | 438.00 | 111.00 | 549.00 | OK |
Version: 0.2.0
Check: C++ specification
Result: NOTE
Specified C++11: please drop specification unless essential
Flavors: r-devel-linux-x86_64-debian-clang, r-devel-linux-x86_64-debian-gcc, r-devel-linux-x86_64-fedora-clang, r-devel-linux-x86_64-fedora-gcc, r-devel-windows-x86_64, r-patched-linux-x86_64, r-release-linux-x86_64, r-release-macos-arm64, r-release-macos-x86_64, r-release-windows-x86_64
Version: 0.2.0
Check: installed package size
Result: NOTE
installed size is 22.2Mb
sub-directories of 1Mb or more:
libs 21.9Mb
Flavors: r-release-macos-arm64, r-release-macos-x86_64, r-oldrel-macos-arm64, r-oldrel-macos-x86_64