Last updated on 2023-11-28 18:49:23 CET.
Flavor | Version | Tinstall | Tcheck | Ttotal | Status | Flags |
---|---|---|---|---|---|---|
r-devel-linux-x86_64-debian-clang | 0.2.2 | 7.53 | 75.84 | 83.37 | NOTE | |
r-devel-linux-x86_64-debian-gcc | 0.2.2 | 5.99 | 56.83 | 62.82 | NOTE | |
r-devel-linux-x86_64-fedora-clang | 0.2.2 | 109.32 | NOTE | |||
r-devel-linux-x86_64-fedora-gcc | 0.2.2 | 109.74 | NOTE | |||
r-devel-windows-x86_64 | 0.2.2 | 7.00 | 73.00 | 80.00 | NOTE | |
r-patched-linux-x86_64 | 0.2.2 | 6.74 | 72.36 | 79.10 | NOTE | |
r-release-linux-x86_64 | 0.2.2 | 4.64 | 71.79 | 76.43 | NOTE | |
r-release-macos-arm64 | 0.2.2 | 47.00 | NOTE | |||
r-release-macos-x86_64 | 0.2.2 | 66.00 | NOTE | |||
r-release-windows-x86_64 | 0.2.2 | 10.00 | 83.00 | 93.00 | NOTE | |
r-oldrel-macos-arm64 | 0.2.2 | 36.00 | NOTE | |||
r-oldrel-macos-x86_64 | 0.2.2 | 60.00 | NOTE | |||
r-oldrel-windows-x86_64 | 0.2.2 | 10.00 | 88.00 | 98.00 | NOTE |
Version: 0.2.2
Check: LazyData
Result: NOTE
'LazyData' is specified without a 'data' directory
Flavors: r-devel-linux-x86_64-debian-clang, r-devel-linux-x86_64-debian-gcc, r-devel-linux-x86_64-fedora-clang, r-devel-linux-x86_64-fedora-gcc, r-devel-windows-x86_64, r-patched-linux-x86_64, r-release-linux-x86_64, r-release-macos-arm64, r-release-macos-x86_64, r-release-windows-x86_64, r-oldrel-macos-arm64, r-oldrel-macos-x86_64, r-oldrel-windows-x86_64