CRAN Package Check Results for Package metapower

Last updated on 2024-07-13 19:54:06 CEST.

Flavor Version Tinstall Tcheck Ttotal Status Flags
r-devel-linux-x86_64-debian-clang 0.2.2 8.24 93.37 101.61 NOTE
r-devel-linux-x86_64-debian-gcc 0.2.2 5.70 69.64 75.34 NOTE
r-devel-linux-x86_64-fedora-clang 0.2.2 126.42 NOTE
r-devel-linux-x86_64-fedora-gcc 0.2.2 135.00 NOTE
r-devel-windows-x86_64 0.2.2 8.00 75.00 83.00 NOTE
r-patched-linux-x86_64 0.2.2 4.39 89.19 93.58 NOTE
r-release-linux-x86_64 0.2.2 4.75 89.13 93.88 NOTE
r-release-macos-arm64 0.2.2 39.00 NOTE
r-release-macos-x86_64 0.2.2 65.00 NOTE
r-release-windows-x86_64 0.2.2 8.00 74.00 82.00 NOTE
r-oldrel-macos-arm64 0.2.2 47.00 NOTE
r-oldrel-macos-x86_64 0.2.2 66.00 NOTE
r-oldrel-windows-x86_64 0.2.2 9.00 85.00 94.00 NOTE

Check Details

Version: 0.2.2
Check: LazyData
Result: NOTE 'LazyData' is specified without a 'data' directory Flavors: r-devel-linux-x86_64-debian-clang, r-devel-linux-x86_64-debian-gcc, r-devel-linux-x86_64-fedora-clang, r-devel-linux-x86_64-fedora-gcc, r-devel-windows-x86_64, r-patched-linux-x86_64, r-release-linux-x86_64, r-release-macos-arm64, r-release-macos-x86_64, r-release-windows-x86_64, r-oldrel-macos-arm64, r-oldrel-macos-x86_64, r-oldrel-windows-x86_64