Last updated on 2023-06-02 20:56:30 CEST.
Flavor | Version | Tinstall | Tcheck | Ttotal | Status | Flags |
---|---|---|---|---|---|---|
r-devel-linux-x86_64-debian-clang | 1.2.2 | 10.42 | 80.90 | 91.32 | OK | |
r-devel-linux-x86_64-debian-gcc | 1.2.2 | 9.35 | 57.74 | 67.09 | OK | |
r-devel-linux-x86_64-fedora-clang | 1.2.2 | 112.78 | NOTE | |||
r-devel-linux-x86_64-fedora-gcc | 1.2.2 | 103.34 | NOTE | |||
r-devel-windows-x86_64 | 1.2.2 | 12.00 | 75.00 | 87.00 | OK | |
r-patched-linux-x86_64 | 1.2.2 | OK | ||||
r-release-linux-x86_64 | 1.2.2 | 7.00 | 75.03 | 82.03 | OK | |
r-release-macos-arm64 | 1.2.2 | 36.00 | OK | |||
r-release-macos-x86_64 | 1.2.2 | 56.00 | OK | |||
r-release-windows-x86_64 | 1.2.2 | 15.00 | 89.00 | 104.00 | OK | |
r-oldrel-macos-arm64 | 1.2.2 | 32.00 | NOTE | |||
r-oldrel-macos-x86_64 | 1.2.2 | 51.00 | NOTE | |||
r-oldrel-windows-x86_64 | 1.2.2 | 16.00 | 91.00 | 107.00 | OK |
Version: 1.2.2
Check: dependencies in R code
Result: NOTE
Namespaces in Imports field not imported from:
‘ade4’ ‘dendextend’ ‘ggforce’ ‘ggrepel’ ‘stringr’ ‘tidyverse’
All declared Imports should be used.
Flavors: r-devel-linux-x86_64-fedora-clang, r-devel-linux-x86_64-fedora-gcc, r-oldrel-macos-arm64, r-oldrel-macos-x86_64