Last updated on 2023-05-31 20:57:13 CEST.
Flavor | Version | Tinstall | Tcheck | Ttotal | Status | Flags |
---|---|---|---|---|---|---|
r-devel-linux-x86_64-debian-clang | 2.0.2 | 29.90 | 505.52 | 535.42 | NOTE | |
r-devel-linux-x86_64-debian-gcc | 2.0.2 | 24.23 | 363.03 | 387.26 | NOTE | |
r-devel-linux-x86_64-fedora-clang | 2.0.2 | 647.18 | NOTE | |||
r-devel-linux-x86_64-fedora-gcc | 2.0.2 | 630.79 | NOTE | |||
r-devel-windows-x86_64 | 2.0.2 | 27.00 | 360.00 | 387.00 | NOTE | |
r-patched-linux-x86_64 | 2.0.2 | NOTE | ||||
r-release-linux-x86_64 | 2.0.2 | 28.11 | 481.87 | 509.98 | NOTE | |
r-release-macos-arm64 | 2.0.2 | 176.00 | NOTE | |||
r-release-macos-x86_64 | 2.0.2 | 291.00 | NOTE | |||
r-release-windows-x86_64 | 2.0.2 | 38.00 | 471.00 | 509.00 | NOTE | |
r-oldrel-macos-arm64 | 2.0.2 | 118.00 | NOTE | |||
r-oldrel-macos-x86_64 | 2.0.2 | 168.00 | NOTE | |||
r-oldrel-windows-x86_64 | 2.0.2 | 38.00 | 450.00 | 488.00 | NOTE |
Version: 2.0.2
Check: LazyData
Result: NOTE
'LazyData' is specified without a 'data' directory
Flavors: r-devel-linux-x86_64-debian-clang, r-devel-linux-x86_64-debian-gcc, r-devel-linux-x86_64-fedora-clang, r-devel-linux-x86_64-fedora-gcc, r-devel-windows-x86_64, r-patched-linux-x86_64, r-release-linux-x86_64, r-release-macos-arm64, r-release-macos-x86_64, r-release-windows-x86_64, r-oldrel-macos-arm64, r-oldrel-macos-x86_64, r-oldrel-windows-x86_64
Version: 2.0.2
Check: dependencies in R code
Result: NOTE
Namespaces in Imports field not imported from:
‘boot’ ‘energy’
All declared Imports should be used.
Flavors: r-devel-linux-x86_64-fedora-clang, r-devel-linux-x86_64-fedora-gcc, r-oldrel-macos-arm64, r-oldrel-macos-x86_64