Last updated on 2023-12-09 18:54:23 CET.
Flavor | Version | Tinstall | Tcheck | Ttotal | Status | Flags |
---|---|---|---|---|---|---|
r-devel-linux-x86_64-debian-clang | 1.0.5 | 98.19 | 582.80 | 680.99 | OK | |
r-devel-linux-x86_64-debian-gcc | 1.0.5 | 82.52 | 441.13 | 523.65 | OK | |
r-devel-linux-x86_64-fedora-clang | 1.0.5 | 870.58 | OK | |||
r-devel-linux-x86_64-fedora-gcc | 1.0.5 | 895.64 | OK | |||
r-devel-windows-x86_64 | 1.0.5 | 75.00 | 402.00 | 477.00 | OK | |
r-patched-linux-x86_64 | 1.0.5 | 67.92 | 568.43 | 636.35 | OK | |
r-release-linux-x86_64 | 1.0.5 | 68.23 | 565.62 | 633.85 | OK | |
r-release-macos-arm64 | 1.0.5 | 205.00 | NOTE | |||
r-release-macos-x86_64 | 1.0.5 | 507.00 | NOTE | |||
r-release-windows-x86_64 | 1.0.5 | 100.00 | 541.00 | 641.00 | OK | |
r-oldrel-macos-arm64 | 1.0.5 | 202.00 | NOTE | |||
r-oldrel-macos-x86_64 | 1.0.4 | 259.00 | NOTE | |||
r-oldrel-windows-x86_64 | 1.0.5 | 74.00 | 427.00 | 501.00 | OK |
Version: 1.0.5
Check: installed package size
Result: NOTE
installed size is 19.7Mb
sub-directories of 1Mb or more:
doc 1.7Mb
libs 17.0Mb
Flavors: r-release-macos-arm64, r-release-macos-x86_64, r-oldrel-macos-arm64
Version: 1.0.4
Check: installed package size
Result: NOTE
installed size is 21.7Mb
sub-directories of 1Mb or more:
doc 1.7Mb
libs 19.0Mb
Flavor: r-oldrel-macos-x86_64