Last updated on 2023-12-08 18:55:41 CET.
Flavor | Version | Tinstall | Tcheck | Ttotal | Status | Flags |
---|---|---|---|---|---|---|
r-devel-linux-x86_64-debian-clang | 1.1 | 3.17 | 59.74 | 62.91 | OK | |
r-devel-linux-x86_64-debian-gcc | 1.1 | 3.39 | 46.23 | 49.62 | OK | |
r-devel-linux-x86_64-fedora-clang | 1.1 | 79.77 | NOTE | |||
r-devel-linux-x86_64-fedora-gcc | 1.1 | 89.17 | NOTE | |||
r-devel-windows-x86_64 | 1.1 | 6.00 | 74.00 | 80.00 | OK | |
r-patched-linux-x86_64 | 1.1 | 3.71 | 60.57 | 64.28 | OK | |
r-release-linux-x86_64 | 1.1 | 2.56 | 60.24 | 62.80 | OK | |
r-release-macos-arm64 | 1.1 | 40.00 | NOTE | |||
r-release-macos-x86_64 | 1.1 | 55.00 | NOTE | |||
r-release-windows-x86_64 | 1.1 | 8.00 | 92.00 | 100.00 | OK | |
r-oldrel-macos-arm64 | 1.1 | 24.00 | NOTE | |||
r-oldrel-macos-x86_64 | 1.1 | 42.00 | NOTE | |||
r-oldrel-windows-x86_64 | 1.1 | 7.00 | 92.00 | 99.00 | OK |
Version: 1.1
Check: package dependencies
Result: NOTE
Packages suggested but not available for checking: 'DAPAR', 'ProteoMM'
Flavors: r-devel-linux-x86_64-fedora-clang, r-devel-linux-x86_64-fedora-gcc, r-release-macos-arm64, r-release-macos-x86_64, r-oldrel-macos-arm64, r-oldrel-macos-x86_64