Last updated on 2023-11-29 18:48:53 CET.
Flavor | Version | Tinstall | Tcheck | Ttotal | Status | Flags |
---|---|---|---|---|---|---|
r-devel-linux-x86_64-debian-clang | 0.4.4 | 16.43 | 174.22 | 190.65 | OK | |
r-devel-linux-x86_64-debian-gcc | 0.4.4 | 12.94 | 128.47 | 141.41 | OK | |
r-devel-linux-x86_64-fedora-clang | 0.4.4 | 261.75 | NOTE | |||
r-devel-linux-x86_64-fedora-gcc | 0.4.4 | 252.21 | NOTE | |||
r-devel-windows-x86_64 | 0.4.4 | 16.00 | 226.00 | 242.00 | OK | |
r-patched-linux-x86_64 | 0.4.4 | 24.06 | 165.55 | 189.61 | OK | |
r-release-linux-x86_64 | 0.4.4 | 12.20 | 164.19 | 176.39 | OK | |
r-release-macos-arm64 | 0.4.4 | 80.00 | OK | |||
r-release-macos-x86_64 | 0.4.4 | 122.00 | OK | |||
r-release-windows-x86_64 | 0.4.4 | 20.00 | 183.00 | 203.00 | OK | |
r-oldrel-macos-arm64 | 0.4.4 | 74.00 | OK | |||
r-oldrel-macos-x86_64 | 0.4.4 | 113.00 | OK | |||
r-oldrel-windows-x86_64 | 0.4.4 | 23.00 | 189.00 | 212.00 | OK |
Version: 0.4.4
Check: for detritus in the temp directory
Result: NOTE
Found the following files/directories:
‘par-7269706c6579’
Flavors: r-devel-linux-x86_64-fedora-clang, r-devel-linux-x86_64-fedora-gcc