CRAN Package Check Results for Package microsynth

Last updated on 2024-02-28 18:50:39 CET.

Flavor Version Tinstall Tcheck Ttotal Status Flags
r-devel-linux-x86_64-debian-clang 2.0.44 9.88 110.96 120.84 OK
r-devel-linux-x86_64-debian-gcc 2.0.44 6.96 81.06 88.02 OK
r-devel-linux-x86_64-fedora-clang 2.0.44 146.23 OK
r-devel-linux-x86_64-fedora-gcc 2.0.44 159.62 OK
r-devel-windows-x86_64 2.0.44 9.00 116.00 125.00 OK
r-patched-linux-x86_64 2.0.44 8.30 102.17 110.47 OK
r-release-linux-x86_64 2.0.44 8.03 107.93 115.96 OK
r-release-macos-arm64 2.0.44 49.00 OK
r-release-macos-x86_64 2.0.44 139.00 NOTE
r-release-windows-x86_64 2.0.44 11.00 117.00 128.00 OK
r-oldrel-macos-arm64 2.0.44 49.00 OK
r-oldrel-windows-x86_64 2.0.44 12.00 123.00 135.00 OK

Check Details

Version: 2.0.44
Check: installed package size
Result: NOTE installed size is 5.5Mb sub-directories of 1Mb or more: data 2.9Mb doc 1.7Mb Flavor: r-release-macos-x86_64