Last updated on 2023-11-28 18:49:24 CET.
Flavor | Version | Tinstall | Tcheck | Ttotal | Status | Flags |
---|---|---|---|---|---|---|
r-devel-linux-x86_64-debian-clang | 3.1.1 | 5.54 | 45.08 | 50.62 | NOTE | |
r-devel-linux-x86_64-debian-gcc | 3.1.1 | 4.05 | 34.24 | 38.29 | NOTE | |
r-devel-linux-x86_64-fedora-clang | 3.1.1 | 68.42 | NOTE | |||
r-devel-linux-x86_64-fedora-gcc | 3.1.1 | 62.96 | NOTE | |||
r-devel-windows-x86_64 | 3.1.1 | 6.00 | 53.00 | 59.00 | NOTE | |
r-patched-linux-x86_64 | 3.1.1 | 4.83 | 44.89 | 49.72 | NOTE | |
r-release-linux-x86_64 | 3.1.1 | 4.84 | 44.80 | 49.64 | NOTE | |
r-release-macos-arm64 | 3.1.1 | 24.00 | NOTE | |||
r-release-macos-x86_64 | 3.1.1 | 39.00 | NOTE | |||
r-release-windows-x86_64 | 3.1.1 | 8.00 | 59.00 | 67.00 | NOTE | |
r-oldrel-macos-arm64 | 3.1.1 | 34.00 | NOTE | |||
r-oldrel-macos-x86_64 | 3.1.1 | 42.00 | NOTE | |||
r-oldrel-windows-x86_64 | 3.1.1 | 7.00 | 61.00 | 68.00 | NOTE |
Version: 3.1.1
Check: LazyData
Result: NOTE
'LazyData' is specified without a 'data' directory
Flavors: r-devel-linux-x86_64-debian-clang, r-devel-linux-x86_64-debian-gcc, r-devel-linux-x86_64-fedora-clang, r-devel-linux-x86_64-fedora-gcc, r-devel-windows-x86_64, r-patched-linux-x86_64, r-release-linux-x86_64, r-release-macos-arm64, r-release-macos-x86_64, r-release-windows-x86_64, r-oldrel-macos-arm64, r-oldrel-macos-x86_64, r-oldrel-windows-x86_64