Last updated on 2023-12-09 18:54:23 CET.
Flavor | Version | Tinstall | Tcheck | Ttotal | Status | Flags |
---|---|---|---|---|---|---|
r-devel-linux-x86_64-debian-clang | 1.6.1 | 25.44 | 309.21 | 334.65 | NOTE | |
r-devel-linux-x86_64-debian-gcc | 1.6.1 | 23.68 | 224.90 | 248.58 | NOTE | |
r-devel-linux-x86_64-fedora-clang | 1.6.1 | 407.19 | OK | |||
r-devel-linux-x86_64-fedora-gcc | 1.6.1 | 402.96 | OK | |||
r-devel-windows-x86_64 | 1.6.1 | 26.00 | 245.00 | 271.00 | OK | |
r-patched-linux-x86_64 | 1.6.1 | 19.50 | 287.78 | 307.28 | OK | |
r-release-linux-x86_64 | 1.6.1 | 19.50 | 287.52 | 307.02 | OK | |
r-release-macos-arm64 | 1.6.1 | 136.00 | OK | |||
r-release-macos-x86_64 | 1.6.1 | 280.00 | OK | |||
r-release-windows-x86_64 | 1.6.1 | 34.00 | 331.00 | 365.00 | OK | |
r-oldrel-macos-arm64 | 1.6.1 | 117.00 | OK | |||
r-oldrel-macos-x86_64 | 1.6.1 | 145.00 | OK | |||
r-oldrel-windows-x86_64 | 1.6.1 | 34.00 | 303.00 | 337.00 | OK |
Version: 1.6.1
Check: Rd files
Result: NOTE
checkRd: (-1) create_grouped_data_partition.Rd:60: Lost braces; missing escapes or markup?
60 | Zena Lapp, {zenalapp@umich.edu}
| ^
checkRd: (-1) create_grouped_data_partition.Rd:62: Lost braces; missing escapes or markup?
62 | Kelly Sovacool, {sovacool@umich.edu}
| ^
checkRd: (-1) create_grouped_k_multifolds.Rd:30: Lost braces; missing escapes or markup?
30 | Zena Lapp, {zenalapp@umich.edu}
| ^
checkRd: (-1) get_partition_indices.Rd:58: Lost braces; missing escapes or markup?
58 | Kelly Sovacool, {sovacool@umich.edu}
| ^
checkRd: (-1) set_hparams_glmnet.Rd:16: Lost braces; missing escapes or markup?
16 | Zena Lapp, {zenalapp@umich.edu}
| ^
Flavors: r-devel-linux-x86_64-debian-clang, r-devel-linux-x86_64-debian-gcc