CRAN Package Check Results for Package miniUI

Last updated on 2024-02-21 18:51:10 CET.

Flavor Version Tinstall Tcheck Ttotal Status Flags
r-devel-linux-x86_64-debian-clang 0.1.1.1 NOTE
r-devel-linux-x86_64-debian-gcc 0.1.1.1 3.07 28.31 31.38 NOTE
r-devel-linux-x86_64-fedora-clang 0.1.1.1 50.49 NOTE
r-devel-linux-x86_64-fedora-gcc 0.1.1.1 49.08 NOTE
r-devel-windows-x86_64 0.1.1.1 6.00 47.00 53.00 NOTE
r-patched-linux-x86_64 0.1.1.1 8.50 35.99 44.49 NOTE
r-release-linux-x86_64 0.1.1.1 3.23 35.15 38.38 NOTE
r-release-macos-arm64 0.1.1.1 22.00 NOTE
r-release-macos-x86_64 0.1.1.1 28.00 NOTE
r-release-windows-x86_64 0.1.1.1 6.00 51.00 57.00 NOTE
r-oldrel-macos-arm64 0.1.1.1 20.00 NOTE
r-oldrel-windows-x86_64 0.1.1.1 7.00 59.00 66.00 NOTE

Check Details

Version: 0.1.1.1
Check: LazyData
Result: NOTE 'LazyData' is specified without a 'data' directory Flavors: r-devel-linux-x86_64-debian-clang, r-devel-linux-x86_64-debian-gcc, r-devel-linux-x86_64-fedora-clang, r-devel-linux-x86_64-fedora-gcc, r-devel-windows-x86_64, r-patched-linux-x86_64, r-release-linux-x86_64, r-release-macos-arm64, r-release-macos-x86_64, r-release-windows-x86_64, r-oldrel-macos-arm64, r-oldrel-windows-x86_64