Last updated on 2023-12-05 18:49:29 CET.
Flavor | Version | Tinstall | Tcheck | Ttotal | Status | Flags |
---|---|---|---|---|---|---|
r-devel-linux-x86_64-debian-clang | 2.0.4 | 4.44 | 70.32 | 74.76 | NOTE | |
r-devel-linux-x86_64-debian-gcc | 2.0.4 | 3.72 | 53.97 | 57.69 | NOTE | |
r-devel-linux-x86_64-fedora-clang | 2.0.4 | 93.20 | NOTE | |||
r-devel-linux-x86_64-fedora-gcc | 2.0.4 | 90.91 | NOTE | |||
r-devel-windows-x86_64 | 2.0.4 | 5.00 | 96.00 | 101.00 | NOTE | |
r-patched-linux-x86_64 | 2.0.4 | 6.06 | 70.02 | 76.08 | OK | |
r-release-linux-x86_64 | 2.0.4 | 3.87 | 69.90 | 73.77 | OK | |
r-release-macos-arm64 | 2.0.4 | 35.00 | OK | |||
r-release-macos-x86_64 | 2.0.4 | 53.00 | OK | |||
r-release-windows-x86_64 | 2.0.4 | 9.00 | 112.00 | 121.00 | OK | |
r-oldrel-macos-arm64 | 2.0.4 | 41.00 | OK | |||
r-oldrel-macos-x86_64 | 2.0.4 | 49.00 | OK | |||
r-oldrel-windows-x86_64 | 2.0.4 | 7.00 | 116.00 | 123.00 | OK |
Version: 2.0.4
Check: Rd contents
Result: NOTE
Argument items with no description in Rd file 'randomizationTest.Rd':
‘R’
Flavors: r-devel-linux-x86_64-debian-clang, r-devel-linux-x86_64-debian-gcc, r-devel-linux-x86_64-fedora-clang, r-devel-linux-x86_64-fedora-gcc, r-devel-windows-x86_64