Last updated on 2023-12-01 18:51:06 CET.
Flavor | Version | Tinstall | Tcheck | Ttotal | Status | Flags |
---|---|---|---|---|---|---|
r-devel-linux-x86_64-debian-clang | 0.4-5 | 18.96 | 206.83 | 225.79 | OK | |
r-devel-linux-x86_64-debian-gcc | 0.4-5 | 14.65 | 149.05 | 163.70 | OK | |
r-devel-linux-x86_64-fedora-clang | 0.4-5 | 270.72 | OK | |||
r-devel-linux-x86_64-fedora-gcc | 0.4-5 | 269.94 | OK | |||
r-devel-windows-x86_64 | 0.4-5 | 15.00 | 167.00 | 182.00 | OK | |
r-patched-linux-x86_64 | 0.4-5 | 17.48 | 189.94 | 207.42 | OK | |
r-release-linux-x86_64 | 0.4-5 | 11.47 | 192.64 | 204.11 | OK | |
r-release-macos-arm64 | 0.4-5 | 93.00 | OK | |||
r-release-macos-x86_64 | 0.4-5 | 119.00 | NOTE | |||
r-release-windows-x86_64 | 0.4-5 | 21.00 | 201.00 | 222.00 | OK | |
r-oldrel-macos-arm64 | 0.4-5 | 62.00 | OK | |||
r-oldrel-macos-x86_64 | 0.4-5 | 97.00 | OK | |||
r-oldrel-windows-x86_64 | 0.4-5 | 20.00 | 203.00 | 223.00 | OK |
Version: 0.4-5
Check: package dependencies
Result: NOTE
Package suggested but not available for checking: ‘glmmTMB’
Flavor: r-release-macos-x86_64