CRAN Package Check Results for Package mitools

Last updated on 2024-02-28 18:50:40 CET.

Flavor Version Tinstall Tcheck Ttotal Status Flags
r-devel-linux-x86_64-debian-clang 2.4 2.59 37.88 40.47 NOTE
r-devel-linux-x86_64-debian-gcc 2.4 2.39 29.40 31.79 NOTE
r-devel-linux-x86_64-fedora-clang 2.4 52.17 NOTE
r-devel-linux-x86_64-fedora-gcc 2.4 61.52 NOTE
r-devel-windows-x86_64 2.4 4.00 59.00 63.00 OK
r-patched-linux-x86_64 2.4 2.95 37.55 40.50 OK
r-release-linux-x86_64 2.4 2.94 37.30 40.24 OK
r-release-macos-arm64 2.4 28.00 OK
r-release-macos-x86_64 2.4 40.00 OK
r-release-windows-x86_64 2.4 4.00 59.00 63.00 OK
r-oldrel-macos-arm64 2.4 24.00 OK
r-oldrel-windows-x86_64 2.4 6.00 63.00 69.00 OK

Check Details

Version: 2.4
Check: Rd files
Result: NOTE checkRd: (-1) PV.Rd:14: Lost braces 14 | plausible value in turn; with code{rewrite=FALSE} a new data set is | ^ Flavors: r-devel-linux-x86_64-debian-clang, r-devel-linux-x86_64-debian-gcc, r-devel-linux-x86_64-fedora-clang, r-devel-linux-x86_64-fedora-gcc