Last updated on 2023-11-30 18:49:36 CET.
Flavor | Version | Tinstall | Tcheck | Ttotal | Status | Flags |
---|---|---|---|---|---|---|
r-devel-linux-x86_64-debian-clang | 1.3.3 | 3.04 | 47.69 | 50.73 | NOTE | |
r-devel-linux-x86_64-debian-gcc | 1.3.3 | 2.70 | 34.68 | 37.38 | NOTE | |
r-devel-linux-x86_64-fedora-clang | 1.3.3 | 68.02 | NOTE | |||
r-devel-linux-x86_64-fedora-gcc | 1.3.3 | 74.54 | NOTE | |||
r-devel-windows-x86_64 | 1.3.3 | 7.00 | 65.00 | 72.00 | NOTE | |
r-patched-linux-x86_64 | 1.3.3 | 2.19 | 44.64 | 46.83 | OK | |
r-release-linux-x86_64 | 1.3.3 | 1.98 | 44.55 | 46.53 | OK | |
r-release-macos-arm64 | 1.3.3 | 31.00 | OK | |||
r-release-macos-x86_64 | 1.3.3 | 45.00 | OK | |||
r-release-windows-x86_64 | 1.3.3 | 9.00 | 67.00 | 76.00 | OK | |
r-oldrel-macos-arm64 | 1.3.3 | 28.00 | OK | |||
r-oldrel-macos-x86_64 | 1.3.3 | 38.00 | OK | |||
r-oldrel-windows-x86_64 | 1.3.3 | 8.00 | 68.00 | 76.00 | OK |
Version: 1.3.3
Check: Rd contents
Result: NOTE
Auto-generated content requiring editing in Rd file 'mixl-package.Rd':
\references: ‘This optional section can contain literature or other refere...’
\seealso: ‘Optional links to other man pages’
Flavors: r-devel-linux-x86_64-debian-clang, r-devel-linux-x86_64-debian-gcc, r-devel-linux-x86_64-fedora-clang, r-devel-linux-x86_64-fedora-gcc, r-devel-windows-x86_64