CRAN Package Check Results for Package mlquantify

Last updated on 2024-04-22 21:52:51 CEST.

Flavor Version Tinstall Tcheck Ttotal Status Flags
r-devel-linux-x86_64-debian-clang 0.2.0 3.42 43.85 47.27 OK
r-devel-linux-x86_64-debian-gcc 0.2.0 2.64 32.77 35.41 OK
r-devel-linux-x86_64-fedora-clang 0.2.0 59.41 NOTE
r-devel-linux-x86_64-fedora-gcc 0.2.0 55.82 NOTE
r-prerel-macos-arm64 0.2.0 26.00 OK
r-prerel-windows-x86_64 0.2.0 4.00 59.00 63.00 OK
r-patched-linux-x86_64 0.2.0 2.15 42.60 44.75 OK
r-release-linux-x86_64 0.2.0 1.95 42.36 44.31 OK
r-release-macos-arm64 0.2.0 26.00 OK
r-release-macos-x86_64 0.2.0 35.00 OK
r-release-windows-x86_64 0.2.0 5.00 66.00 71.00 OK
r-oldrel-macos-arm64 0.2.0 24.00 NOTE
r-oldrel-windows-x86_64 0.2.0 5.00 70.00 75.00 OK

Check Details

Version: 0.2.0
Check: dependencies in R code
Result: NOTE Namespaces in Imports field not imported from: ‘caret’ ‘randomForest’ All declared Imports should be used. Flavors: r-devel-linux-x86_64-fedora-clang, r-devel-linux-x86_64-fedora-gcc, r-oldrel-macos-arm64