CRAN Package Check Results for Package mmpf

Last updated on 2023-06-02 20:56:31 CEST.

Flavor Version Tinstall Tcheck Ttotal Status Flags
r-devel-linux-x86_64-debian-clang 0.0.5 2.93 40.04 42.97 NOTE
r-devel-linux-x86_64-debian-gcc 0.0.5 2.01 29.88 31.89 NOTE
r-devel-linux-x86_64-fedora-clang 0.0.5 53.74 NOTE
r-devel-linux-x86_64-fedora-gcc 0.0.5 63.10 NOTE
r-devel-windows-x86_64 0.0.5 5.00 53.00 58.00 NOTE
r-patched-linux-x86_64 0.0.5 NOTE
r-release-linux-x86_64 0.0.5 2.81 37.12 39.93 NOTE
r-release-macos-arm64 0.0.5 26.00 NOTE
r-release-macos-x86_64 0.0.5 38.00 NOTE
r-release-windows-x86_64 0.0.5 6.00 57.00 63.00 NOTE
r-oldrel-macos-arm64 0.0.5 24.00 NOTE
r-oldrel-macos-x86_64 0.0.5 30.00 NOTE
r-oldrel-windows-x86_64 0.0.5 5.00 61.00 66.00 NOTE

Check Details

Version: 0.0.5
Check: package subdirectories
Result: NOTE
    Problems with news in ‘NEWS.md’:
    No news entries found.
Flavors: r-devel-linux-x86_64-debian-clang, r-devel-linux-x86_64-debian-gcc, r-devel-linux-x86_64-fedora-clang, r-devel-linux-x86_64-fedora-gcc, r-devel-windows-x86_64, r-patched-linux-x86_64, r-release-linux-x86_64, r-release-macos-arm64, r-release-macos-x86_64, r-release-windows-x86_64

Version: 0.0.5
Check: LazyData
Result: NOTE
     'LazyData' is specified without a 'data' directory
Flavors: r-devel-linux-x86_64-debian-clang, r-devel-linux-x86_64-debian-gcc, r-devel-linux-x86_64-fedora-clang, r-devel-linux-x86_64-fedora-gcc, r-devel-windows-x86_64, r-patched-linux-x86_64, r-release-linux-x86_64, r-release-macos-arm64, r-release-macos-x86_64, r-release-windows-x86_64, r-oldrel-macos-arm64, r-oldrel-macos-x86_64, r-oldrel-windows-x86_64