Last updated on 2023-11-29 18:48:53 CET.
Flavor | Version | Tinstall | Tcheck | Ttotal | Status | Flags |
---|---|---|---|---|---|---|
r-devel-linux-x86_64-debian-clang | 0.1.11 | 6.18 | 55.40 | 61.58 | OK | |
r-devel-linux-x86_64-debian-gcc | 0.1.11 | 5.02 | 41.38 | 46.40 | OK | |
r-devel-linux-x86_64-fedora-clang | 0.1.11 | 77.20 | NOTE | |||
r-devel-linux-x86_64-fedora-gcc | 0.1.11 | 71.80 | OK | |||
r-devel-windows-x86_64 | 0.1.11 | 6.00 | 63.00 | 69.00 | OK | |
r-patched-linux-x86_64 | 0.1.11 | 4.11 | 52.47 | 56.58 | OK | |
r-release-linux-x86_64 | 0.1.11 | 3.84 | 51.54 | 55.38 | OK | |
r-release-macos-arm64 | 0.1.11 | 30.00 | OK | |||
r-release-macos-x86_64 | 0.1.11 | 39.00 | OK | |||
r-release-windows-x86_64 | 0.1.11 | 9.00 | 74.00 | 83.00 | OK | |
r-oldrel-macos-arm64 | 0.1.11 | 26.00 | OK | |||
r-oldrel-macos-x86_64 | 0.1.11 | 36.00 | OK | |||
r-oldrel-windows-x86_64 | 0.1.11 | 8.00 | 73.00 | 81.00 | OK |
Version: 0.1.11
Check: Rd cross-references
Result: NOTE
Undeclared packages ‘lme4’, ‘rstanarm’, ‘dplyr’ in Rd xrefs
Flavor: r-devel-linux-x86_64-fedora-clang