Last updated on 2023-12-09 18:54:23 CET.
Flavor | Version | Tinstall | Tcheck | Ttotal | Status | Flags |
---|---|---|---|---|---|---|
r-devel-linux-x86_64-debian-clang | 0.2.3 | 28.53 | 312.92 | 341.45 | OK | |
r-devel-linux-x86_64-debian-gcc | 0.2.3 | 23.23 | 231.21 | 254.44 | OK | |
r-devel-linux-x86_64-fedora-clang | 0.2.3 | 437.31 | NOTE | |||
r-devel-linux-x86_64-fedora-gcc | 0.2.3 | 439.71 | NOTE | |||
r-devel-windows-x86_64 | 0.2.3 | 23.00 | 216.00 | 239.00 | OK | |
r-patched-linux-x86_64 | 0.2.3 | 22.73 | 298.09 | 320.82 | OK | |
r-release-linux-x86_64 | 0.2.3 | 19.86 | 295.94 | 315.80 | OK | |
r-release-macos-arm64 | 0.2.3 | 86.00 | OK | |||
r-release-macos-x86_64 | 0.2.3 | 263.00 | OK | |||
r-release-windows-x86_64 | 0.2.3 | 33.00 | 290.00 | 323.00 | OK | |
r-oldrel-macos-arm64 | 0.2.3 | 85.00 | OK | |||
r-oldrel-macos-x86_64 | 0.2.3 | 154.00 | OK | |||
r-oldrel-windows-x86_64 | 0.2.3 | 33.00 | 307.00 | 340.00 | OK |
Version: 0.2.3
Check: package dependencies
Result: NOTE
Imports includes 24 non-default packages.
Importing from so many packages makes the package vulnerable to any of
them becoming unavailable. Move as many as possible to Suggests and
use conditionally.
Flavor: r-devel-linux-x86_64-fedora-clang
Version: 0.2.3
Check: dependencies in R code
Result: NOTE
Namespaces in Imports field not imported from:
‘crayon’ ‘dials’ ‘glue’ ‘parsnip’
All declared Imports should be used.
Flavors: r-devel-linux-x86_64-fedora-clang, r-devel-linux-x86_64-fedora-gcc