Last updated on 2023-12-04 00:52:48 CET.
Flavor | Version | Tinstall | Tcheck | Ttotal | Status | Flags |
---|---|---|---|---|---|---|
r-devel-linux-x86_64-debian-clang | 1.2.3 | 3.37 | 39.44 | 42.81 | NOTE | |
r-devel-linux-x86_64-debian-gcc | 1.2.3 | 2.59 | 30.15 | 32.74 | NOTE | |
r-devel-linux-x86_64-fedora-clang | 1.2.3 | 54.59 | OK | |||
r-devel-linux-x86_64-fedora-gcc | 1.2.3 | 62.30 | OK | |||
r-devel-windows-x86_64 | 1.2.3 | 5.00 | 55.00 | 60.00 | OK | |
r-patched-linux-x86_64 | 1.2.3 | 2.17 | 38.46 | 40.63 | OK | |
r-release-linux-x86_64 | 1.2.3 | 2.12 | 37.81 | 39.93 | OK | |
r-release-macos-arm64 | 1.2.3 | 31.00 | OK | |||
r-release-macos-x86_64 | 1.2.3 | 39.00 | OK | |||
r-release-windows-x86_64 | 1.2.3 | 5.00 | 58.00 | 63.00 | OK | |
r-oldrel-macos-arm64 | 1.2.3 | 24.00 | OK | |||
r-oldrel-macos-x86_64 | 1.2.3 | 31.00 | OK | |||
r-oldrel-windows-x86_64 | 1.2.3 | 5.00 | 66.00 | 71.00 | OK |
Version: 1.2.3
Check: Rd files
Result: NOTE
checkRd: (-1) morphemepiece_cache_dir.Rd:17-19: Lost braces in \itemize; meant \describe ?
checkRd: (-1) morphemepiece_cache_dir.Rd:20-21: Lost braces in \itemize; meant \describe ?
checkRd: (-1) morphemepiece_cache_dir.Rd:22-24: Lost braces in \itemize; meant \describe ?
Flavors: r-devel-linux-x86_64-debian-clang, r-devel-linux-x86_64-debian-gcc