Last updated on 2023-12-04 18:52:22 CET.
Flavor | Version | Tinstall | Tcheck | Ttotal | Status | Flags |
---|---|---|---|---|---|---|
r-devel-linux-x86_64-debian-clang | 3.2.2 | 124.70 | 110.53 | 235.23 | OK | |
r-devel-linux-x86_64-debian-gcc | 3.2.2 | 86.14 | 84.09 | 170.23 | OK | |
r-devel-linux-x86_64-fedora-clang | 3.2.2 | 367.94 | OK | |||
r-devel-linux-x86_64-fedora-gcc | 3.2.2 | 325.85 | OK | |||
r-devel-windows-x86_64 | 3.2.2 | 96.00 | 136.00 | 232.00 | OK | |
r-patched-linux-x86_64 | 3.2.2 | 79.45 | 107.31 | 186.76 | OK | |
r-release-linux-x86_64 | 3.2.2 | 76.99 | 108.87 | 185.86 | OK | |
r-release-macos-arm64 | 3.2.2 | 83.00 | NOTE | |||
r-release-macos-x86_64 | 3.2.2 | 117.00 | NOTE | |||
r-release-windows-x86_64 | 3.2.2 | 127.00 | 167.00 | 294.00 | OK | |
r-oldrel-macos-arm64 | 3.2.2 | 79.00 | NOTE | |||
r-oldrel-macos-x86_64 | 3.2.1 | 134.00 | NOTE | |||
r-oldrel-windows-x86_64 | 3.2.2 | 115.00 | 151.00 | 266.00 | OK |
Version: 3.2.2
Check: installed package size
Result: NOTE
installed size is 5.8Mb
sub-directories of 1Mb or more:
data 2.3Mb
libs 2.6Mb
Flavors: r-release-macos-arm64, r-release-macos-x86_64, r-oldrel-macos-arm64
Version: 3.2.1
Check: package dependencies
Result: NOTE
Package suggested but not available for checking: ‘readbulk’
Flavor: r-oldrel-macos-x86_64
Version: 3.2.1
Check: installed package size
Result: NOTE
installed size is 5.5Mb
sub-directories of 1Mb or more:
data 2.0Mb
libs 2.6Mb
Flavor: r-oldrel-macos-x86_64
Version: 3.2.1
Check: Rd cross-references
Result: NOTE
Package unavailable to check Rd xrefs: ‘readbulk’
Flavor: r-oldrel-macos-x86_64